CRAN Package Check Results for Package hyperSpec

Last updated on 2021-07-26 05:55:06 CEST.

Flavor Version Tinstall Tcheck Ttotal Status Flags
r-devel-linux-x86_64-debian-clang 0.99-20201127 20.30 336.32 356.62 OK
r-devel-linux-x86_64-debian-gcc 0.99-20201127 14.43 251.45 265.88 OK
r-devel-linux-x86_64-fedora-clang 0.99-20201127 410.86 NOTE
r-devel-linux-x86_64-fedora-gcc 0.99-20201127 409.01 OK
r-devel-windows-x86_64 0.99-20201127 26.00 382.00 408.00 OK
r-devel-windows-x86_64-gcc10-UCRT 0.99-20201127 OK
r-patched-linux-x86_64 0.99-20201127 18.31 319.89 338.20 OK
r-patched-solaris-x86 0.99-20201127 523.30 OK
r-release-linux-x86_64 0.99-20201127 13.79 318.74 332.53 OK
r-release-macos-arm64 0.99-20201127 OK
r-release-macos-x86_64 0.99-20201127 OK
r-release-windows-ix86+x86_64 0.99-20201127 32.00 274.00 306.00 OK
r-oldrel-macos-x86_64 0.99-20201127 OK
r-oldrel-windows-ix86+x86_64 0.99-20201127 37.00 394.00 431.00 OK

Check Details

Version: 0.99-20201127
Check: Rd cross-references
Result: NOTE
    Undeclared packages ‘reshape2’, ‘plyr’, ‘caTools’ in Rd xrefs
Flavor: r-devel-linux-x86_64-fedora-clang