CRAN Package Check Results for Package hypervolume

Last updated on 2021-01-18 05:47:26 CET.

Flavor Version Tinstall Tcheck Ttotal Status Flags
r-devel-linux-x86_64-debian-clang 2.0.12 58.62 175.77 234.39 OK
r-devel-linux-x86_64-debian-gcc 2.0.12 38.23 132.99 171.22 OK
r-devel-linux-x86_64-fedora-clang 2.0.12 295.93 OK
r-devel-linux-x86_64-fedora-gcc 2.0.12 296.26 OK
r-devel-windows-ix86+x86_64 2.0.12 97.00 269.00 366.00 OK
r-patched-linux-x86_64 2.0.12 46.06 161.68 207.74 OK
r-patched-solaris-x86 2.0.12 385.00 OK
r-release-linux-x86_64 2.0.12 49.04 158.42 207.46 OK
r-release-macos-x86_64 2.0.12 OK
r-release-windows-ix86+x86_64 2.0.12 107.00 264.00 371.00 OK
r-oldrel-macos-x86_64 2.0.12 WARN
r-oldrel-windows-ix86+x86_64 2.0.12 119.00 211.00 330.00 OK

Check Details

Version: 2.0.12
Check: whether package can be installed
Result: WARN
    Found the following significant warnings:
     Warning: 'rgl_init' failed, running with rgl.useNULL = TRUE
Flavor: r-oldrel-macos-x86_64

Version: 2.0.12
Check: dependencies in R code
Result: NOTE
    No protocol specified
Flavor: r-oldrel-macos-x86_64

Version: 2.0.12
Check: S3 generic/method consistency
Result: WARN
    No protocol specified
    See section ‘Generic functions and methods’ in the ‘Writing R
    Extensions’ manual.
Flavor: r-oldrel-macos-x86_64

Version: 2.0.12
Check: replacement functions
Result: WARN
    No protocol specified
    The argument of a replacement function which corresponds to the right
    hand side must be named ‘value’.
Flavor: r-oldrel-macos-x86_64

Version: 2.0.12
Check: foreign function calls
Result: NOTE
    No protocol specified
    See chapter ‘System and foreign language interfaces’ in the ‘Writing R
    Extensions’ manual.
Flavor: r-oldrel-macos-x86_64

Version: 2.0.12
Check: R code for possible problems
Result: NOTE
    No protocol specified
Flavor: r-oldrel-macos-x86_64

Version: 2.0.12
Check: for missing documentation entries
Result: WARN
    No protocol specified
    All user-level objects in a package should have documentation entries.
    See chapter ‘Writing R documentation files’ in the ‘Writing R
    Extensions’ manual.
Flavor: r-oldrel-macos-x86_64

Version: 2.0.12
Check: for code/documentation mismatches
Result: WARN
    No protocol specified
    No protocol specified
    No protocol specified
Flavor: r-oldrel-macos-x86_64

Version: 2.0.12
Check: Rd \usage sections
Result: NOTE
    No protocol specified
    The \usage entries for S3 methods should use the \method markup and not
    their full name.
    See chapter ‘Writing R documentation files’ in the ‘Writing R
    Extensions’ manual.
Flavor: r-oldrel-macos-x86_64