CRAN Package Check Results for Package i2extras

Last updated on 2021-06-23 05:49:30 CEST.

Flavor Version Tinstall Tcheck Ttotal Status Flags
r-devel-linux-x86_64-debian-clang 0.1.0 6.02 87.39 93.41 OK
r-devel-linux-x86_64-debian-gcc 0.1.0 4.45 60.34 64.79 OK
r-devel-linux-x86_64-fedora-clang 0.1.0 114.34 OK
r-devel-linux-x86_64-fedora-gcc 0.1.0 100.15 OK
r-devel-windows-x86_64 0.1.0 10.00 75.00 85.00 OK
r-devel-windows-x86_64-gcc10-UCRT 0.1.0 NOTE
r-patched-linux-x86_64 0.1.0 9.69 76.36 86.05 OK
r-patched-solaris-x86 0.1.0 140.10 OK
r-release-linux-x86_64 0.1.0 4.69 76.42 81.11 OK
r-release-macos-arm64 0.1.0 OK
r-release-macos-x86_64 0.1.0 OK
r-release-windows-ix86+x86_64 0.1.0 11.00 72.00 83.00 OK
r-oldrel-macos-x86_64 0.1.0 ERROR

Check Details

Version: 0.1.0
Check: package dependencies
Result: NOTE
    Package suggested but not available for checking: 'covr'
Flavor: r-devel-windows-x86_64-gcc10-UCRT

Version: 0.1.0
Check: package dependencies
Result: ERROR
    Package required and available but unsuitable version: ‘incidence2’
    
    See section ‘The DESCRIPTION file’ in the ‘Writing R Extensions’
    manual.
Flavor: r-oldrel-macos-x86_64