CRAN Package Check Results for Package iBATCGH

Last updated on 2021-01-15 05:48:51 CET.

Flavor Version Tinstall Tcheck Ttotal Status Flags
r-devel-linux-x86_64-debian-clang 1.3.1 343.03 67.75 410.78 OK
r-devel-linux-x86_64-debian-gcc 1.3.1 215.61 53.50 269.11 OK
r-devel-linux-x86_64-fedora-clang 1.3.1 591.98 NOTE
r-devel-linux-x86_64-fedora-gcc 1.3.1 519.19 NOTE
r-devel-windows-ix86+x86_64 1.3.1 666.00 136.00 802.00 NOTE
r-patched-linux-x86_64 1.3.1 266.45 64.62 331.07 OK
r-patched-solaris-x86 1.3.1 440.70 OK
r-release-linux-x86_64 1.3.1 266.35 64.86 331.21 OK
r-release-macos-x86_64 1.3.1 NOTE
r-release-windows-ix86+x86_64 1.3.1 656.00 119.00 775.00 NOTE
r-oldrel-macos-x86_64 1.3.1 NOTE
r-oldrel-windows-ix86+x86_64 1.3.1 537.00 92.00 629.00 NOTE

Check Details

Version: 1.3.1
Check: installed package size
Result: NOTE
     installed size is 9.3Mb
     sub-directories of 1Mb or more:
     data 3.0Mb
     libs 6.2Mb
Flavors: r-devel-linux-x86_64-fedora-clang, r-devel-windows-ix86+x86_64, r-release-macos-x86_64, r-release-windows-ix86+x86_64, r-oldrel-macos-x86_64, r-oldrel-windows-ix86+x86_64

Version: 1.3.1
Check: compiled code
Result: NOTE
    File ‘iBATCGH/libs/iBATCGH.so’:
     Found no calls to: ‘R_registerRoutines’, ‘R_useDynamicSymbols’
    
    It is good practice to register native routines and to disable symbol
    search.
    
    See ‘Writing portable packages’ in the ‘Writing R Extensions’ manual.
Flavors: r-devel-linux-x86_64-fedora-clang, r-devel-linux-x86_64-fedora-gcc