CRAN Package Check Results for Package iC10

Last updated on 2019-08-25 05:46:49 CEST.

Flavor Version Tinstall Tcheck Ttotal Status Flags
r-devel-linux-x86_64-debian-clang 1.5 7.17 77.59 84.76 OK
r-devel-linux-x86_64-debian-gcc 1.5 5.70 59.86 65.56 OK
r-devel-linux-x86_64-fedora-clang 1.5 106.22 OK
r-devel-linux-x86_64-fedora-gcc 1.5 101.66 OK
r-devel-windows-ix86+x86_64 1.5 15.00 90.00 105.00 OK
r-patched-linux-x86_64 1.5 7.63 76.89 84.52 OK
r-patched-solaris-x86 1.5 182.50 OK
r-release-linux-x86_64 1.5 7.18 75.93 83.11 OK
r-release-windows-ix86+x86_64 1.5 22.00 126.00 148.00 OK
r-release-osx-x86_64 1.5 ERROR
r-oldrel-windows-ix86+x86_64 1.5 12.00 116.00 128.00 OK
r-oldrel-osx-x86_64 1.5 OK

Check Details

Version: 1.5
Check: package dependencies
Result: ERROR
    Package required but not available: ‘impute’
    
    See section ‘The DESCRIPTION file’ in the ‘Writing R Extensions’
    manual.
Flavor: r-release-osx-x86_64