CRAN Package Check Results for Package iNZightTS

Last updated on 2024-06-13 06:58:05 CEST.

Flavor Version Tinstall Tcheck Ttotal Status Flags
r-devel-linux-x86_64-debian-clang 2.0.0 8.04 148.86 156.90 OK
r-devel-linux-x86_64-debian-gcc 2.0.0 0.38 1.76 2.14 ERROR
r-devel-linux-x86_64-fedora-clang 2.0.0 194.21 NOTE
r-devel-linux-x86_64-fedora-gcc 2.0.0 183.72 OK
r-devel-windows-x86_64 2.0.0 8.00 116.00 124.00 OK
r-patched-linux-x86_64 2.0.0 7.10 141.04 148.14 OK
r-release-linux-x86_64 2.0.0 5.63 146.66 152.29 OK
r-release-macos-arm64 2.0.0 60.00 OK
r-release-macos-x86_64 2.0.0 84.00 OK
r-release-windows-x86_64 2.0.0 9.00 117.00 126.00 OK
r-oldrel-macos-arm64 2.0.0 62.00 OK
r-oldrel-macos-x86_64 2.0.0 123.00 OK
r-oldrel-windows-x86_64 2.0.0 12.00 151.00 163.00 OK

Check Details

Version: 2.0.0
Check: package dependencies
Result: ERROR Packages required but not available: 'dplyr', 'forcats', 'ggplot2', 'ggtext', 'patchwork', 'tidyr', 'tsibble', 'fable', 'fabletools', 'feasts', 'lubridate', 'stringr', 'tibble' Package suggested but not available for checking: ‘testthat’ See section ‘The DESCRIPTION file’ in the ‘Writing R Extensions’ manual. Flavor: r-devel-linux-x86_64-debian-gcc

Version: 2.0.0
Check: Rd cross-references
Result: NOTE Undeclared package ‘plotly’ in Rd xrefs Flavor: r-devel-linux-x86_64-fedora-clang