CRAN Package Check Results for Package iNZightTools

Last updated on 2022-01-23 05:57:54 CET.

Flavor Version Tinstall Tcheck Ttotal Status Flags
r-devel-linux-x86_64-debian-clang 1.12.2 13.81 136.95 150.76 OK
r-devel-linux-x86_64-debian-gcc 1.12.2 10.55 115.26 125.81 OK
r-devel-linux-x86_64-fedora-clang 1.12.2 179.90 NOTE
r-devel-linux-x86_64-fedora-gcc 1.12.2 175.20 OK
r-devel-windows-x86_64-new-UL 1.12.2 173.00 191.00 364.00 OK
r-devel-windows-x86_64-new-TK 1.12.2 OK
r-patched-linux-x86_64 1.12.2 16.05 131.01 147.06 OK
r-release-linux-x86_64 1.12.2 10.08 132.72 142.80 OK
r-release-macos-arm64 1.12.1 OK
r-release-macos-x86_64 1.12.2 OK
r-release-windows-ix86+x86_64 1.12.2 29.00 160.00 189.00 OK
r-oldrel-macos-x86_64 1.12.1 OK
r-oldrel-windows-ix86+x86_64 1.12.2 29.00 160.00 189.00 OK

Check Details

Version: 1.12.2
Check: Rd cross-references
Result: NOTE
    Undeclared package ‘tidyverse’ in Rd xrefs
Flavor: r-devel-linux-x86_64-fedora-clang