CRAN Package Check Results for Package iRF

Last updated on 2021-11-29 05:49:48 CET.

Flavor Version Tinstall Tcheck Ttotal Status Flags
r-devel-linux-x86_64-debian-clang 2.0.0 OK
r-devel-linux-x86_64-debian-gcc 2.0.0 29.60 78.28 107.88 OK
r-devel-linux-x86_64-fedora-clang 2.0.0 200.48 OK
r-devel-linux-x86_64-fedora-gcc 2.0.0 177.24 OK
r-devel-windows-x86_64-new-UL 2.0.0 63.00 170.00 233.00 ERROR
r-devel-windows-x86_64-new-TK 2.0.0 OK
r-devel-windows-x86_64-old 2.0.0 46.00 117.00 163.00 ERROR
r-patched-linux-x86_64 2.0.0 35.16 98.77 133.93 OK
r-patched-solaris-x86 2.0.0 214.60 OK
r-release-linux-x86_64 2.0.0 34.79 100.61 135.40 OK
r-release-macos-arm64 2.0.0 OK
r-release-macos-x86_64 2.0.0 OK
r-release-windows-ix86+x86_64 2.0.0 100.00 187.00 287.00 ERROR
r-oldrel-macos-x86_64 2.0.0 OK
r-oldrel-windows-ix86+x86_64 2.0.0 105.00 181.00 286.00 ERROR

Check Details

Version: 2.0.0
Check: examples
Result: ERROR
    Running examples in 'iRF-Ex.R' failed
    The error most likely occurred in:
    
    > ### Name: readForest
    > ### Title: Pass data through a fitted forest, record node characteristics
    > ### [works for binary classification with continuous variables]
    > ### Aliases: readForest
    >
    > ### ** Examples
    >
    > n = 50; p = 10
    > X = array(rnorm(n*p), c(n, p))
    > Y = (X[,1]>0.35 & X[,2]>0.35)|(X[,5]>0.35 & X[,7]>0.35)
    > Y = as.factor(as.numeric(Y>0))
    >
    > train.id = 1:(n/2)
    > test.id = setdiff(1:n, train.id)
    >
    > rf <- randomForest(x=X, y=Y, keep.forest=TRUE, track.nodes=TRUE,
    + ntree=100)
    > rforest <- readForest(rfobj=rf, x=X, n.core=2)
    > head(rforest$tree_info)
    NULL
    >
    > # count number of leaf nodes with at least 5 observations
    > sum(rforest$tree.info$size.node > 5)
    [1] 284
    >
    >
    >
    >
    > cleanEx()
    Error: connections left open:
     <-CRANWIN2.fb05.statistik.uni-dortmund.de:11457 (sockconn)
     <-CRANWIN2.fb05.statistik.uni-dortmund.de:11457 (sockconn)
    Execution halted
Flavor: r-devel-windows-x86_64-new-UL

Version: 2.0.0
Check: examples
Result: ERROR
    Running examples in 'iRF-Ex.R' failed
    The error most likely occurred in:
    
    > ### Name: readForest
    > ### Title: Pass data through a fitted forest, record node characteristics
    > ### [works for binary classification with continuous variables]
    > ### Aliases: readForest
    >
    > ### ** Examples
    >
    > n = 50; p = 10
    > X = array(rnorm(n*p), c(n, p))
    > Y = (X[,1]>0.35 & X[,2]>0.35)|(X[,5]>0.35 & X[,7]>0.35)
    > Y = as.factor(as.numeric(Y>0))
    >
    > train.id = 1:(n/2)
    > test.id = setdiff(1:n, train.id)
    >
    > rf <- randomForest(x=X, y=Y, keep.forest=TRUE, track.nodes=TRUE,
    + ntree=100)
    > rforest <- readForest(rfobj=rf, x=X, n.core=2)
    > head(rforest$tree_info)
    NULL
    >
    > # count number of leaf nodes with at least 5 observations
    > sum(rforest$tree.info$size.node > 5)
    [1] 284
    >
    >
    >
    >
    > cleanEx()
    Error: connections left open:
     <-CRANwin.fb05.statistik.uni-dortmund.de:11808 (sockconn)
     <-CRANwin.fb05.statistik.uni-dortmund.de:11808 (sockconn)
    Execution halted
Flavor: r-devel-windows-x86_64-old

Version: 2.0.0
Check: running examples for arch ‘i386’
Result: ERROR
    Running examples in 'iRF-Ex.R' failed
    The error most likely occurred in:
    
    > ### Name: readForest
    > ### Title: Pass data through a fitted forest, record node characteristics
    > ### [works for binary classification with continuous variables]
    > ### Aliases: readForest
    >
    > ### ** Examples
    >
    > n = 50; p = 10
    > X = array(rnorm(n*p), c(n, p))
    > Y = (X[,1]>0.35 & X[,2]>0.35)|(X[,5]>0.35 & X[,7]>0.35)
    > Y = as.factor(as.numeric(Y>0))
    >
    > train.id = 1:(n/2)
    > test.id = setdiff(1:n, train.id)
    >
    > rf <- randomForest(x=X, y=Y, keep.forest=TRUE, track.nodes=TRUE,
    + ntree=100)
    > rforest <- readForest(rfobj=rf, x=X, n.core=2)
    > head(rforest$tree_info)
    NULL
    >
    > # count number of leaf nodes with at least 5 observations
    > sum(rforest$tree.info$size.node > 5)
    [1] 284
    >
    >
    >
    >
    > cleanEx()
    Error: connections left open:
     <-CRANwin.fb05.statistik.uni-dortmund.de:11434 (sockconn)
     <-CRANwin.fb05.statistik.uni-dortmund.de:11434 (sockconn)
    Execution halted
Flavor: r-release-windows-ix86+x86_64

Version: 2.0.0
Check: running examples for arch ‘x64’
Result: ERROR
    Running examples in 'iRF-Ex.R' failed
    The error most likely occurred in:
    
    > ### Name: readForest
    > ### Title: Pass data through a fitted forest, record node characteristics
    > ### [works for binary classification with continuous variables]
    > ### Aliases: readForest
    >
    > ### ** Examples
    >
    > n = 50; p = 10
    > X = array(rnorm(n*p), c(n, p))
    > Y = (X[,1]>0.35 & X[,2]>0.35)|(X[,5]>0.35 & X[,7]>0.35)
    > Y = as.factor(as.numeric(Y>0))
    >
    > train.id = 1:(n/2)
    > test.id = setdiff(1:n, train.id)
    >
    > rf <- randomForest(x=X, y=Y, keep.forest=TRUE, track.nodes=TRUE,
    + ntree=100)
    > rforest <- readForest(rfobj=rf, x=X, n.core=2)
    > head(rforest$tree_info)
    NULL
    >
    > # count number of leaf nodes with at least 5 observations
    > sum(rforest$tree.info$size.node > 5)
    [1] 284
    >
    >
    >
    >
    > cleanEx()
    Error: connections left open:
     <-CRANwin.fb05.statistik.uni-dortmund.de:11586 (sockconn)
     <-CRANwin.fb05.statistik.uni-dortmund.de:11586 (sockconn)
    Execution halted
Flavor: r-release-windows-ix86+x86_64

Version: 2.0.0
Check: running examples for arch ‘i386’
Result: ERROR
    Running examples in 'iRF-Ex.R' failed
    The error most likely occurred in:
    
    > ### Name: readForest
    > ### Title: Pass data through a fitted forest, record node characteristics
    > ### [works for binary classification with continuous variables]
    > ### Aliases: readForest
    >
    > ### ** Examples
    >
    > n = 50; p = 10
    > X = array(rnorm(n*p), c(n, p))
    > Y = (X[,1]>0.35 & X[,2]>0.35)|(X[,5]>0.35 & X[,7]>0.35)
    > Y = as.factor(as.numeric(Y>0))
    >
    > train.id = 1:(n/2)
    > test.id = setdiff(1:n, train.id)
    >
    > rf <- randomForest(x=X, y=Y, keep.forest=TRUE, track.nodes=TRUE,
    + ntree=100)
    > rforest <- readForest(rfobj=rf, x=X, n.core=2)
    > head(rforest$tree_info)
    NULL
    >
    > # count number of leaf nodes with at least 5 observations
    > sum(rforest$tree.info$size.node > 5)
    [1] 284
    >
    >
    >
    >
    > cleanEx()
    Error: connections left open:
     <-CRANwin.fb05.statistik.uni-dortmund.de:11622 (sockconn)
     <-CRANwin.fb05.statistik.uni-dortmund.de:11622 (sockconn)
    Execution halted
Flavor: r-oldrel-windows-ix86+x86_64

Version: 2.0.0
Check: running examples for arch ‘x64’
Result: ERROR
    Running examples in 'iRF-Ex.R' failed
    The error most likely occurred in:
    
    > ### Name: readForest
    > ### Title: Pass data through a fitted forest, record node characteristics
    > ### [works for binary classification with continuous variables]
    > ### Aliases: readForest
    >
    > ### ** Examples
    >
    > n = 50; p = 10
    > X = array(rnorm(n*p), c(n, p))
    > Y = (X[,1]>0.35 & X[,2]>0.35)|(X[,5]>0.35 & X[,7]>0.35)
    > Y = as.factor(as.numeric(Y>0))
    >
    > train.id = 1:(n/2)
    > test.id = setdiff(1:n, train.id)
    >
    > rf <- randomForest(x=X, y=Y, keep.forest=TRUE, track.nodes=TRUE,
    + ntree=100)
    > rforest <- readForest(rfobj=rf, x=X, n.core=2)
    > head(rforest$tree_info)
    NULL
    >
    > # count number of leaf nodes with at least 5 observations
    > sum(rforest$tree.info$size.node > 5)
    [1] 284
    >
    >
    >
    >
    > cleanEx()
    Error: connections left open:
     <-CRANwin.fb05.statistik.uni-dortmund.de:11797 (sockconn)
     <-CRANwin.fb05.statistik.uni-dortmund.de:11797 (sockconn)
    Execution halted
Flavor: r-oldrel-windows-ix86+x86_64