CRAN Package Check Results for Package iSTATS

Last updated on 2021-06-14 05:50:35 CEST.

Flavor Version Tinstall Tcheck Ttotal Status Flags
r-devel-linux-x86_64-debian-clang 1.5 7.75 63.83 71.58 OK
r-devel-linux-x86_64-debian-gcc 1.5 7.01 48.41 55.42 OK
r-devel-linux-x86_64-fedora-clang 1.5 95.23 NOTE
r-devel-linux-x86_64-fedora-gcc 1.5 81.40 OK
r-devel-windows-x86_64 1.5 14.00 95.00 109.00 NOTE
r-devel-windows-x86_64-gcc10-UCRT 1.5 OK
r-patched-linux-x86_64 1.5 8.10 60.69 68.79 OK
r-patched-solaris-x86 1.5 125.50 NOTE
r-release-linux-x86_64 1.5 6.20 60.90 67.10 OK
r-release-macos-arm64 1.5 NOTE
r-release-macos-x86_64 1.5 NOTE
r-release-windows-ix86+x86_64 1.5 21.00 83.00 104.00 NOTE
r-oldrel-macos-x86_64 1.5 NOTE
r-oldrel-windows-ix86+x86_64 1.5 28.00 93.00 121.00 NOTE

Check Details

Version: 1.5
Check: installed package size
Result: NOTE
     installed size is 5.9Mb
     sub-directories of 1Mb or more:
     app 4.3Mb
     data 1.6Mb
Flavors: r-devel-linux-x86_64-fedora-clang, r-devel-windows-x86_64, r-patched-solaris-x86, r-release-macos-arm64, r-release-macos-x86_64, r-release-windows-ix86+x86_64, r-oldrel-macos-x86_64, r-oldrel-windows-ix86+x86_64