CRAN Package Check Results for Package ical

Last updated on 2022-01-25 05:54:45 CET.

Flavor Version Tinstall Tcheck Ttotal Status Flags
r-devel-linux-x86_64-debian-clang 0.1.6 1.58 38.16 39.74 NOTE
r-devel-linux-x86_64-debian-gcc 0.1.6 1.99 30.54 32.53 NOTE
r-devel-linux-x86_64-fedora-clang 0.1.6 51.12 NOTE
r-devel-linux-x86_64-fedora-gcc 0.1.6 40.20 NOTE
r-devel-windows-x86_64-new-UL 0.1.6 20.00 58.00 78.00 NOTE
r-devel-windows-x86_64-new-TK 0.1.6 NOTE
r-patched-linux-x86_64 0.1.6 2.40 37.02 39.42 NOTE
r-release-linux-x86_64 0.1.6 2.04 36.77 38.81 NOTE
r-release-macos-arm64 0.1.6 NOTE
r-release-macos-x86_64 0.1.6 NOTE
r-release-windows-ix86+x86_64 0.1.6 9.00 61.00 70.00 NOTE
r-oldrel-macos-x86_64 0.1.6 OK
r-oldrel-windows-ix86+x86_64 0.1.6 9.00 60.00 69.00 OK

Check Details

Version: 0.1.6
Check: LazyData
Result: NOTE
     'LazyData' is specified without a 'data' directory
Flavors: r-devel-linux-x86_64-debian-clang, r-devel-linux-x86_64-debian-gcc, r-devel-linux-x86_64-fedora-clang, r-devel-linux-x86_64-fedora-gcc, r-devel-windows-x86_64-new-UL, r-devel-windows-x86_64-new-TK, r-patched-linux-x86_64, r-release-linux-x86_64, r-release-macos-arm64, r-release-macos-x86_64, r-release-windows-ix86+x86_64