CRAN Package Check Results for Package iccTraj

Last updated on 2024-06-13 06:58:04 CEST.

Flavor Version Tinstall Tcheck Ttotal Status Flags
r-devel-linux-x86_64-debian-clang 1.0.4 9.19 77.17 86.36 OK
r-devel-linux-x86_64-debian-gcc 1.0.4 0.29 1.73 2.02 ERROR
r-devel-linux-x86_64-fedora-clang 1.0.4 106.04 OK
r-devel-linux-x86_64-fedora-gcc 1.0.4 99.92 OK
r-devel-windows-x86_64 1.0.4 9.00 70.00 79.00 OK
r-patched-linux-x86_64 1.0.4 8.70 75.64 84.34 OK
r-release-linux-x86_64 1.0.4 7.96 74.55 82.51 OK
r-release-macos-arm64 1.0.4 33.00 OK
r-release-macos-x86_64 1.0.4 47.00 OK
r-release-windows-x86_64 1.0.4 9.00 90.00 99.00 OK
r-oldrel-macos-arm64 1.0.4 44.00 OK
r-oldrel-macos-x86_64 1.0.4 69.00 OK
r-oldrel-windows-x86_64 1.0.4 11.00 84.00 95.00 OK

Check Details

Version: 1.0.4
Check: package dependencies
Result: ERROR Packages required but not available: 'dplyr', 'purrr' See section ‘The DESCRIPTION file’ in the ‘Writing R Extensions’ manual. Flavor: r-devel-linux-x86_64-debian-gcc