CRAN Package Check Results for Package iccde

Last updated on 2022-01-21 05:52:11 CET.

Flavor Version Tinstall Tcheck Ttotal Status Flags
r-devel-linux-x86_64-debian-clang 0.3.2 NOTE
r-devel-linux-x86_64-debian-gcc 0.3.2 1.26 21.49 22.75 NOTE
r-devel-linux-x86_64-fedora-clang 0.3.2 36.02 NOTE
r-devel-linux-x86_64-fedora-gcc 0.3.2 25.24 NOTE
r-devel-windows-x86_64-new-UL 0.3.2 11.00 39.00 50.00 NOTE
r-devel-windows-x86_64-new-TK 0.3.2 NOTE
r-patched-linux-x86_64 0.3.2 1.68 26.29 27.97 NOTE
r-release-linux-x86_64 0.3.2 1.75 26.15 27.90 NOTE
r-release-macos-arm64 0.3.2 NOTE
r-release-macos-x86_64 0.3.2 NOTE
r-release-windows-ix86+x86_64 0.3.2 6.00 24.00 30.00 NOTE
r-oldrel-macos-x86_64 0.3.2 OK
r-oldrel-windows-ix86+x86_64 0.3.2 4.00 22.00 26.00 OK

Check Details

Version: 0.3.2
Check: LazyData
Result: NOTE
     'LazyData' is specified without a 'data' directory
Flavors: r-devel-linux-x86_64-debian-clang, r-devel-linux-x86_64-debian-gcc, r-devel-linux-x86_64-fedora-clang, r-devel-linux-x86_64-fedora-gcc, r-devel-windows-x86_64-new-UL, r-devel-windows-x86_64-new-TK, r-patched-linux-x86_64, r-release-linux-x86_64, r-release-macos-arm64, r-release-macos-x86_64, r-release-windows-ix86+x86_64