CRAN Package Check Results for Package icecream

Last updated on 2022-12-02 05:55:19 CET.

Flavor Version Tinstall Tcheck Ttotal Status Flags
r-devel-linux-x86_64-debian-clang 0.2.0 2.36 26.92 29.28 OK
r-devel-linux-x86_64-debian-gcc 0.2.0 1.84 20.96 22.80 OK
r-devel-linux-x86_64-fedora-clang 0.2.0 46.77 NOTE
r-devel-linux-x86_64-fedora-gcc 0.2.0 46.60 OK
r-devel-windows-x86_64 0.2.0 5.00 55.00 60.00 OK
r-patched-linux-x86_64 0.2.0 2.49 25.23 27.72 OK
r-release-linux-x86_64 0.2.0 1.41 26.19 27.60 OK
r-release-macos-arm64 0.2.0 16.00 OK
r-release-macos-x86_64 0.2.0 22.00 OK
r-release-windows-x86_64 0.2.0 10.00 56.00 66.00 OK
r-oldrel-macos-arm64 0.2.0 17.00 OK
r-oldrel-macos-x86_64 0.2.0 22.00 OK
r-oldrel-windows-ix86+x86_64 0.2.0 6.00 53.00 59.00 OK

Check Details

Version: 0.2.0
Check: Rd cross-references
Result: NOTE
    Undeclared package ‘tibble’ in Rd xrefs
Flavor: r-devel-linux-x86_64-fedora-clang