CRAN Package Check Results for Package icenReg

Last updated on 2019-12-07 05:47:35 CET.

Flavor Version Tinstall Tcheck Ttotal Status Flags
r-devel-linux-x86_64-debian-clang 2.0.11 69.09 160.54 229.63 OK
r-devel-linux-x86_64-debian-gcc 2.0.11 58.23 116.78 175.01 OK
r-devel-linux-x86_64-fedora-clang 2.0.11 278.12 NOTE
r-devel-linux-x86_64-fedora-gcc 2.0.11 279.73 OK
r-devel-windows-ix86+x86_64 2.0.11 98.00 357.00 455.00 OK
r-devel-windows-ix86+x86_64-gcc8 2.0.11 124.00 311.00 435.00 OK
r-patched-linux-x86_64 2.0.11 59.64 148.34 207.98 OK
r-patched-solaris-x86 2.0.11 376.40 OK
r-release-linux-x86_64 2.0.11 60.20 150.80 211.00 OK
r-release-windows-ix86+x86_64 2.0.11 133.00 294.00 427.00 OK
r-release-osx-x86_64 2.0.11 NOTE
r-oldrel-windows-ix86+x86_64 2.0.11 103.00 349.00 452.00 OK
r-oldrel-osx-x86_64 2.0.11 NOTE

Check Details

Version: 2.0.11
Check: installed package size
Result: NOTE
     installed size is 15.1Mb
     sub-directories of 1Mb or more:
     libs 13.7Mb
Flavors: r-devel-linux-x86_64-fedora-clang, r-release-osx-x86_64, r-oldrel-osx-x86_64