CRAN Package Check Results for Package icenReg

Last updated on 2019-08-21 05:46:54 CEST.

Flavor Version Tinstall Tcheck Ttotal Status Flags
r-devel-linux-x86_64-debian-clang 2.0.10 63.01 171.87 234.88 OK
r-devel-linux-x86_64-debian-gcc 2.0.10 54.63 130.30 184.93 OK
r-devel-linux-x86_64-fedora-clang 2.0.10 274.15 NOTE
r-devel-linux-x86_64-fedora-gcc 2.0.10 276.82 OK
r-devel-windows-ix86+x86_64 2.0.10 136.00 365.00 501.00 OK
r-patched-linux-x86_64 2.0.10 59.67 172.19 231.86 OK
r-patched-solaris-x86 2.0.10 375.90 OK
r-release-linux-x86_64 2.0.10 64.08 171.40 235.48 OK
r-release-windows-ix86+x86_64 2.0.10 89.00 285.00 374.00 OK
r-release-osx-x86_64 2.0.10 NOTE
r-oldrel-windows-ix86+x86_64 2.0.10 130.00 335.00 465.00 OK
r-oldrel-osx-x86_64 2.0.10 NOTE

Check Details

Version: 2.0.10
Check: installed package size
Result: NOTE
     installed size is 15.1Mb
     sub-directories of 1Mb or more:
     libs 13.7Mb
Flavors: r-devel-linux-x86_64-fedora-clang, r-release-osx-x86_64, r-oldrel-osx-x86_64