CRAN Package Check Results for Package icpsrdata

Last updated on 2021-04-10 05:48:38 CEST.

Flavor Version Tinstall Tcheck Ttotal Status Flags
r-devel-linux-x86_64-debian-clang 0.5.0 2.58 27.95 30.53 NOTE
r-devel-linux-x86_64-debian-gcc 0.5.0 1.98 22.56 24.54 NOTE
r-devel-linux-x86_64-fedora-clang 0.5.0 43.69 NOTE
r-devel-linux-x86_64-fedora-gcc 0.5.0 34.02 NOTE
r-devel-windows-ix86+x86_64 0.5.0 5.00 32.00 37.00 NOTE
r-devel-windows-x86_64-gcc10-UCRT 0.5.0 NOTE
r-patched-linux-x86_64 0.5.0 2.40 26.79 29.19 OK
r-patched-solaris-x86 0.5.0 58.40 OK
r-release-linux-x86_64 0.5.0 OK
r-release-macos-x86_64 0.5.0 OK
r-release-windows-ix86+x86_64 0.5.0 5.00 46.00 51.00 OK
r-oldrel-macos-x86_64 0.5.0 OK
r-oldrel-windows-ix86+x86_64 0.5.0 4.00 42.00 46.00 OK

Check Details

Version: 0.5.0
Check: LazyData
Result: NOTE
     'LazyData' is specified without a 'data' directory
Flavors: r-devel-linux-x86_64-debian-clang, r-devel-linux-x86_64-debian-gcc, r-devel-linux-x86_64-fedora-clang, r-devel-linux-x86_64-fedora-gcc, r-devel-windows-ix86+x86_64, r-devel-windows-x86_64-gcc10-UCRT