Last updated on 2021-01-19 05:48:03 CET.
Flavor | Version | Tinstall | Tcheck | Ttotal | Status | Flags |
---|---|---|---|---|---|---|
r-devel-linux-x86_64-debian-clang | 1.0.1 | 48.04 | 62.89 | 110.93 | OK | |
r-devel-linux-x86_64-debian-gcc | 1.0.1 | 30.84 | 48.11 | 78.95 | OK | |
r-devel-linux-x86_64-fedora-clang | 1.0.1 | 150.45 | NOTE | |||
r-devel-linux-x86_64-fedora-gcc | 1.0.1 | 134.79 | OK | |||
r-devel-windows-ix86+x86_64 | 1.0.1 | 86.00 | 109.00 | 195.00 | OK | |
r-patched-linux-x86_64 | 1.0.1 | 38.15 | 58.40 | 96.55 | OK | |
r-patched-solaris-x86 | 1.0.1 | 150.40 | OK | |||
r-release-linux-x86_64 | 1.0.1 | 37.92 | 58.82 | 96.74 | OK | |
r-release-macos-x86_64 | 1.0.1 | OK | ||||
r-release-windows-ix86+x86_64 | 1.0.1 | 90.00 | 107.00 | 197.00 | OK | |
r-oldrel-macos-x86_64 | 1.0.1 | OK | ||||
r-oldrel-windows-ix86+x86_64 | 1.0.1 | 65.00 | 83.00 | 148.00 | OK |
Version: 1.0.1
Check: Rd cross-references
Result: NOTE
Undeclared packages ‘bayesm’, ‘ChoiceModelR’, ‘RSGHB’ in Rd xrefs
Flavor: r-devel-linux-x86_64-fedora-clang