CRAN Package Check Results for Package identity

Last updated on 2019-10-15 05:47:48 CEST.

Flavor Version Tinstall Tcheck Ttotal Status Flags
r-devel-linux-x86_64-debian-clang 0.2-1 3.13 15.25 18.38 NOTE
r-devel-linux-x86_64-debian-gcc 0.2-1 2.15 12.92 15.07 NOTE
r-devel-linux-x86_64-fedora-clang 0.2-1 24.23 NOTE
r-devel-linux-x86_64-fedora-gcc 0.2-1 22.74 NOTE
r-devel-windows-ix86+x86_64 0.2-1 13.00 34.00 47.00 OK
r-patched-linux-x86_64 0.2-1 2.48 15.48 17.96 NOTE
r-patched-solaris-x86 0.2-1 35.10 OK
r-release-linux-x86_64 0.2-1 2.55 15.58 18.13 NOTE
r-release-windows-ix86+x86_64 0.2-1 9.00 43.00 52.00 OK
r-release-osx-x86_64 0.2-1 OK
r-oldrel-windows-ix86+x86_64 0.2-1 9.00 31.00 40.00 OK
r-oldrel-osx-x86_64 0.2-1 OK

Check Details

Version: 0.2-1
Check: top-level files
Result: NOTE
    Non-standard file/directory found at top level:
     'README.Idcoefs2b1.txt'
Flavors: r-devel-linux-x86_64-debian-clang, r-devel-linux-x86_64-debian-gcc, r-devel-linux-x86_64-fedora-clang, r-devel-linux-x86_64-fedora-gcc, r-patched-linux-x86_64, r-release-linux-x86_64

Version: 0.2-1
Check: compiled code
Result: NOTE
    File ‘identity/libs/identity.so’:
     Found no calls to: ‘R_registerRoutines’, ‘R_useDynamicSymbols’
    
    It is good practice to register native routines and to disable symbol
    search.
    
    See ‘Writing portable packages’ in the ‘Writing R Extensions’ manual.
Flavors: r-devel-linux-x86_64-fedora-clang, r-devel-linux-x86_64-fedora-gcc