CRAN Package Check Results for Package ijtiff

Last updated on 2022-11-28 04:54:43 CET.

Flavor Version Tinstall Tcheck Ttotal Status Flags
r-devel-linux-x86_64-debian-clang 2.2.9 7.24 66.35 73.59 OK
r-devel-linux-x86_64-debian-gcc 2.2.9 6.68 50.23 56.91 OK
r-devel-linux-x86_64-fedora-clang 2.2.9 101.18 OK
r-devel-linux-x86_64-fedora-gcc 2.2.9 105.04 OK
r-devel-windows-x86_64 2.2.9 61.00 122.00 183.00 OK
r-patched-linux-x86_64 2.2.9 8.67 62.83 71.50 OK
r-release-linux-x86_64 2.2.9 6.59 58.77 65.36 OK
r-release-macos-arm64 2.2.9 35.00 NOTE
r-release-macos-x86_64 2.2.9 46.00 NOTE
r-release-windows-x86_64 2.2.9 52.00 111.00 163.00 OK
r-oldrel-macos-arm64 2.2.9 40.00 NOTE
r-oldrel-macos-x86_64 2.2.9 49.00 NOTE
r-oldrel-windows-ix86+x86_64 2.2.9 25.00 124.00 149.00 OK

Check Details

Version: 2.2.9
Check: installed package size
Result: NOTE
     installed size is 7.2Mb
     sub-directories of 1Mb or more:
     libs 5.3Mb
Flavors: r-release-macos-arm64, r-release-macos-x86_64, r-oldrel-macos-arm64, r-oldrel-macos-x86_64