CRAN Package Check Results for Package imageData

Last updated on 2019-12-14 05:47:32 CET.

Flavor Version Tinstall Tcheck Ttotal Status Flags
r-devel-linux-x86_64-debian-clang 0.1-59 17.29 133.76 151.05 OK
r-devel-linux-x86_64-debian-gcc 0.1-59 12.96 104.22 117.18 OK
r-devel-linux-x86_64-fedora-clang 0.1-59 177.18 OK
r-devel-linux-x86_64-fedora-gcc 0.1-59 184.66 OK
r-devel-windows-ix86+x86_64 0.1-59 21.00 8.00 29.00 ERROR
r-devel-windows-ix86+x86_64-gcc8 0.1-59 24.00 7.00 31.00 ERROR
r-patched-linux-x86_64 0.1-59 14.00 116.65 130.65 OK
r-patched-solaris-x86 0.1-59 230.70 OK
r-release-linux-x86_64 0.1-59 13.04 118.31 131.35 OK
r-release-windows-ix86+x86_64 0.1-59 28.00 136.00 164.00 OK
r-release-osx-x86_64 0.1-59 OK
r-oldrel-windows-ix86+x86_64 0.1-59 21.00 132.00 153.00 OK
r-oldrel-osx-x86_64 0.1-59 OK

Check Details

Version: 0.1-59
Check: whether package can be installed
Result: ERROR
    Installation failed.
Flavors: r-devel-windows-ix86+x86_64, r-devel-windows-ix86+x86_64-gcc8