CRAN Package Check Results for Package imagefx

Last updated on 2021-09-21 05:51:12 CEST.

Flavor Version Tinstall Tcheck Ttotal Status Flags
r-devel-linux-x86_64-debian-clang 0.4.1 4.66 58.77 63.43 OK
r-devel-linux-x86_64-debian-gcc 0.4.1 3.49 43.67 47.16 OK
r-devel-linux-x86_64-fedora-clang 0.4.1 81.09 OK
r-devel-linux-x86_64-fedora-gcc 0.4.1 71.75 OK
r-devel-windows-x86_64 0.4.1 5.00 64.00 69.00 OK
r-devel-windows-x86_64-gcc10-UCRT 0.4.1 ERROR
r-patched-linux-x86_64 0.4.1 5.16 55.20 60.36 OK
r-patched-solaris-x86 0.4.1 109.80 OK
r-release-linux-x86_64 0.4.1 4.36 55.87 60.23 OK
r-release-macos-arm64 0.4.1 OK
r-release-macos-x86_64 0.4.1 OK
r-release-windows-ix86+x86_64 0.4.1 8.00 63.00 71.00 OK
r-oldrel-macos-x86_64 0.4.1 OK
r-oldrel-windows-ix86+x86_64 0.4.1 8.00 68.00 76.00 OK

Check Details

Version: 0.4.1
Check: whether package can be installed
Result: WARN
    Found the following significant warnings:
     WARNING: installation-time patches will not be applied, could not get the patches index
Flavor: r-devel-windows-x86_64-gcc10-UCRT

Version: 0.4.1
Check: PDF version of manual
Result: WARN
    LaTeX errors when creating PDF version.
    This typically indicates Rd problems.
Flavor: r-devel-windows-x86_64-gcc10-UCRT

Version: 0.4.1
Check: PDF version of manual without hyperrefs or index
Result: ERROR
    Re-running with no redirection of stdout/stderr.
Flavor: r-devel-windows-x86_64-gcc10-UCRT