CRAN Package Check Results for Package imager

Last updated on 2019-08-25 05:46:50 CEST.

Flavor Version Tinstall Tcheck Ttotal Status Flags
r-devel-linux-x86_64-debian-clang 0.41.2 518.06 161.81 679.87 OK
r-devel-linux-x86_64-debian-gcc 0.41.2 502.97 125.78 628.75 WARN
r-devel-linux-x86_64-fedora-clang 0.41.2 1010.07 NOTE
r-devel-linux-x86_64-fedora-gcc 0.41.2 1113.31 WARN
r-devel-windows-ix86+x86_64 0.41.2 886.00 306.00 1192.00 NOTE
r-patched-linux-x86_64 0.41.2 507.77 154.93 662.70 WARN
r-patched-solaris-x86 0.41.2 933.90 NOTE
r-release-linux-x86_64 0.41.2 503.53 156.09 659.62 WARN
r-release-windows-ix86+x86_64 0.41.2 1221.00 398.00 1619.00 NOTE
r-release-osx-x86_64 0.41.2 NOTE
r-oldrel-windows-ix86+x86_64 0.41.2 1182.00 379.00 1561.00 NOTE
r-oldrel-osx-x86_64 0.41.2 NOTE

Check Details

Version: 0.41.2
Check: whether package can be installed
Result: WARN
    Found the following significant warnings:
     ../inst/include/CImg.h:55774:32: warning: ‘void* memcpy(void*, const void*, size_t)’ writing to an object of type ‘struct cimg_library::CImg<char>’ with no trivial copy-assignment; use copy-assignment or copy-initialization instead [-Wclass-memaccess]
     ../inst/include/CImg.h:55775:44: warning: ‘void* memcpy(void*, const void*, size_t)’ writing to an object of type ‘struct cimg_library::CImg<char>’ with no trivial copy-assignment; use copy-assignment or copy-initialization instead [-Wclass-memaccess]
     ../inst/include/CImg.h:55788:22: warning: ‘void* memset(void*, int, size_t)’ clearing an object of type ‘struct cimg_library::CImg<char>’ with no trivial copy-assignment; use assignment or value-initialization instead [-Wclass-memaccess]
     ../inst/include/CImg.h:55792:45: warning: ‘void* memmove(void*, const void*, size_t)’ writing to an object of type ‘struct cimg_library::CImg<char>’ with no trivial copy-assignment; use copy-assignment or copy-initialization instead [-Wclass-memaccess]
     ../inst/include/CImg.h:58819:20: warning: ‘void* memset(void*, int, size_t)’ clearing an object of type ‘struct cimg_library::CImgList<unsigned char>’ with no trivial copy-assignment; use assignment or value-initialization instead [-Wclass-memaccess]
     ../inst/include/CImg.h:55774:32: warning: ‘void* memcpy(void*, const void*, size_t)’ writing to an object of type ‘struct cimg_library::CImg<unsigned char>’ with no trivial copy-assignment; use copy-assignment or copy-initialization instead [-Wclass-memaccess]
     ../inst/include/CImg.h:55775:44: warning: ‘void* memcpy(void*, const void*, size_t)’ writing to an object of type ‘struct cimg_library::CImg<unsigned char>’ with no trivial copy-assignment; use copy-assignment or copy-initialization instead [-Wclass-memaccess]
     ../inst/include/CImg.h:55788:22: warning: ‘void* memset(void*, int, size_t)’ clearing an object of type ‘struct cimg_library::CImg<unsigned char>’ with no trivial copy-assignment; use assignment or value-initialization instead [-Wclass-memaccess]
     ../inst/include/CImg.h:55792:45: warning: ‘void* memmove(void*, const void*, size_t)’ writing to an object of type ‘struct cimg_library::CImg<unsigned char>’ with no trivial copy-assignment; use copy-assignment or copy-initialization instead [-Wclass-memaccess]
     ../inst/include/CImg.h:55774:32: warning: ‘void* memcpy(void*, const void*, size_t)’ writing to an object of type ‘struct cimg_library::CImg<long unsigned int>’ with no trivial copy-assignment; use copy-assignment or copy-initialization instead [-Wclass-memaccess]
     ../inst/include/CImg.h:55775:44: warning: ‘void* memcpy(void*, const void*, size_t)’ writing to an object of type ‘struct cimg_library::CImg<long unsigned int>’ with no trivial copy-assignment; use copy-assignment or copy-initialization instead [-Wclass-memaccess]
     ../inst/include/CImg.h:55788:22: warning: ‘void* memset(void*, int, size_t)’ clearing an object of type ‘struct cimg_library::CImg<long unsigned int>’ with no trivial copy-assignment; use assignment or value-initialization instead [-Wclass-memaccess]
     ../inst/include/CImg.h:55792:45: warning: ‘void* memmove(void*, const void*, size_t)’ writing to an object of type ‘struct cimg_library::CImg<long unsigned int>’ with no trivial copy-assignment; use copy-assignment or copy-initialization instead [-Wclass-memaccess]
     ../inst/include/CImg.h:55927:42: warning: ‘void* memmove(void*, const void*, size_t)’ writing to an object of type ‘struct cimg_library::CImg<char>’ with no trivial copy-assignment; use copy-assignment or copy-initialization instead [-Wclass-memaccess]
     ../inst/include/CImg.h:55928:22: warning: ‘void* memset(void*, int, size_t)’ clearing an object of type ‘struct cimg_library::CImg<char>’ with no trivial copy-assignment; use assignment or value-initialization instead [-Wclass-memaccess]
     ../inst/include/CImg.h:55933:33: warning: ‘void* memcpy(void*, const void*, size_t)’ writing to an object of type ‘struct cimg_library::CImg<char>’ with no trivial copy-assignment; use copy-assignment or copy-initialization instead [-Wclass-memaccess]
     ../inst/include/CImg.h:55934:41: warning: ‘void* memcpy(void*, const void*, size_t)’ writing to an object of type ‘struct cimg_library::CImg<char>’ with no trivial copy-assignment; use copy-assignment or copy-initialization instead [-Wclass-memaccess]
     ../inst/include/CImg.h:55935:52: warning: ‘void* memset(void*, int, size_t)’ clearing an object of type ‘struct cimg_library::CImg<char>’ with no trivial copy-assignment; use assignment or value-initialization instead [-Wclass-memaccess]
     ../inst/include/CImg.h:55936:22: warning: ‘void* memset(void*, int, size_t)’ clearing an object of type ‘struct cimg_library::CImg<char>’ with no trivial copy-assignment; use assignment or value-initialization instead [-Wclass-memaccess]
     ../inst/include/CImg.h:55774:32: warning: ‘void* memcpy(void*, const void*, size_t)’ writing to an object of type ‘struct cimg_library::CImg<bool>’ with no trivial copy-assignment; use copy-assignment or copy-initialization instead [-Wclass-memaccess]
     ../inst/include/CImg.h:55775:44: warning: ‘void* memcpy(void*, const void*, size_t)’ writing to an object of type ‘struct cimg_library::CImg<bool>’ with no trivial copy-assignment; use copy-assignment or copy-initialization instead [-Wclass-memaccess]
     ../inst/include/CImg.h:55788:22: warning: ‘void* memset(void*, int, size_t)’ clearing an object of type ‘struct cimg_library::CImg<bool>’ with no trivial copy-assignment; use assignment or value-initialization instead [-Wclass-memaccess]
     ../inst/include/CImg.h:55792:45: warning: ‘void* memmove(void*, const void*, size_t)’ writing to an object of type ‘struct cimg_library::CImg<bool>’ with no trivial copy-assignment; use copy-assignment or copy-initialization instead [-Wclass-memaccess]
     ../inst/include/CImg.h:55927:42: warning: ‘void* memmove(void*, const void*, size_t)’ writing to an object of type ‘struct cimg_library::CImg<long unsigned int>’ with no trivial copy-assignment; use copy-assignment or copy-initialization instead [-Wclass-memaccess]
     ../inst/include/CImg.h:55928:22: warning: ‘void* memset(void*, int, size_t)’ clearing an object of type ‘struct cimg_library::CImg<long unsigned int>’ with no trivial copy-assignment; use assignment or value-initialization instead [-Wclass-memaccess]
     ../inst/include/CImg.h:55933:33: warning: ‘void* memcpy(void*, const void*, size_t)’ writing to an object of type ‘struct cimg_library::CImg<long unsigned int>’ with no trivial copy-assignment; use copy-assignment or copy-initialization instead [-Wclass-memaccess]
     ../inst/include/CImg.h:55934:41: warning: ‘void* memcpy(void*, const void*, size_t)’ writing to an object of type ‘struct cimg_library::CImg<long unsigned int>’ with no trivial copy-assignment; use copy-assignment or copy-initialization instead [-Wclass-memaccess]
     ../inst/include/CImg.h:55935:52: warning: ‘void* memset(void*, int, size_t)’ clearing an object of type ‘struct cimg_library::CImg<long unsigned int>’ with no trivial copy-assignment; use assignment or value-initialization instead [-Wclass-memaccess]
     ../inst/include/CImg.h:55936:22: warning: ‘void* memset(void*, int, size_t)’ clearing an object of type ‘struct cimg_library::CImg<long unsigned int>’ with no trivial copy-assignment; use assignment or value-initialization instead [-Wclass-memaccess]
     ../inst/include/CImg.h:55774:32: warning: ‘void* memcpy(void*, const void*, size_t)’ writing to an object of type ‘struct cimg_library::CImg<unsigned int>’ with no trivial copy-assignment; use copy-assignment or copy-initialization instead [-Wclass-memaccess]
     ../inst/include/CImg.h:55775:44: warning: ‘void* memcpy(void*, const void*, size_t)’ writing to an object of type ‘struct cimg_library::CImg<unsigned int>’ with no trivial copy-assignment; use copy-assignment or copy-initialization instead [-Wclass-memaccess]
     ../inst/include/CImg.h:55788:22: warning: ‘void* memset(void*, int, size_t)’ clearing an object of type ‘struct cimg_library::CImg<unsigned int>’ with no trivial copy-assignment; use assignment or value-initialization instead [-Wclass-memaccess]
     ../inst/include/CImg.h:55792:45: warning: ‘void* memmove(void*, const void*, size_t)’ writing to an object of type ‘struct cimg_library::CImg<unsigned int>’ with no trivial copy-assignment; use copy-assignment or copy-initialization instead [-Wclass-memaccess]
     ../inst/include/CImg.h:55774:32: warning: ‘void* memcpy(void*, const void*, size_t)’ writing to an object of type ‘struct cimg_library::CImg<double>’ with no trivial copy-assignment; use copy-assignment or copy-initialization instead [-Wclass-memaccess]
     ../inst/include/CImg.h:55775:44: warning: ‘void* memcpy(void*, const void*, size_t)’ writing to an object of type ‘struct cimg_library::CImg<double>’ with no trivial copy-assignment; use copy-assignment or copy-initialization instead [-Wclass-memaccess]
     ../inst/include/CImg.h:55788:22: warning: ‘void* memset(void*, int, size_t)’ clearing an object of type ‘struct cimg_library::CImg<double>’ with no trivial copy-assignment; use assignment or value-initialization instead [-Wclass-memaccess]
     ../inst/include/CImg.h:55792:45: warning: ‘void* memmove(void*, const void*, size_t)’ writing to an object of type ‘struct cimg_library::CImg<double>’ with no trivial copy-assignment; use copy-assignment or copy-initialization instead [-Wclass-memaccess]
     /usr/include/x86_64-linux-gnu/bits/string_fortified.h:106:34: warning: ‘char* __builtin_strncpy(char*, const char*, long unsigned int)’ output truncated before terminating nul copying as many bytes from a string as its length [-Wstringop-truncation]
     ../inst/include/CImg.h:55774:32: warning: ‘void* memcpy(void*, const void*, size_t)’ writing to an object of type ‘struct cimg_library::CImg<float>’ with no trivial copy-assignment; use copy-assignment or copy-initialization instead [-Wclass-memaccess]
     ../inst/include/CImg.h:55775:44: warning: ‘void* memcpy(void*, const void*, size_t)’ writing to an object of type ‘struct cimg_library::CImg<float>’ with no trivial copy-assignment; use copy-assignment or copy-initialization instead [-Wclass-memaccess]
     ../inst/include/CImg.h:55788:22: warning: ‘void* memset(void*, int, size_t)’ clearing an object of type ‘struct cimg_library::CImg<float>’ with no trivial copy-assignment; use assignment or value-initialization instead [-Wclass-memaccess]
     ../inst/include/CImg.h:55792:45: warning: ‘void* memmove(void*, const void*, size_t)’ writing to an object of type ‘struct cimg_library::CImg<float>’ with no trivial copy-assignment; use copy-assignment or copy-initialization instead [-Wclass-memaccess]
     ../inst/include/CImg.h:55774:32: warning: ‘void* memcpy(void*, const void*, size_t)’ writing to an object of type ‘struct cimg_library::CImg<int>’ with no trivial copy-assignment; use copy-assignment or copy-initialization instead [-Wclass-memaccess]
     ../inst/include/CImg.h:55775:44: warning: ‘void* memcpy(void*, const void*, size_t)’ writing to an object of type ‘struct cimg_library::CImg<int>’ with no trivial copy-assignment; use copy-assignment or copy-initialization instead [-Wclass-memaccess]
     ../inst/include/CImg.h:55788:22: warning: ‘void* memset(void*, int, size_t)’ clearing an object of type ‘struct cimg_library::CImg<int>’ with no trivial copy-assignment; use assignment or value-initialization instead [-Wclass-memaccess]
     ../inst/include/CImg.h:55792:45: warning: ‘void* memmove(void*, const void*, size_t)’ writing to an object of type ‘struct cimg_library::CImg<int>’ with no trivial copy-assignment; use copy-assignment or copy-initialization instead [-Wclass-memaccess]
Flavor: r-devel-linux-x86_64-debian-gcc

Version: 0.41.2
Check: installed package size
Result: NOTE
     installed size is 50.4Mb
     sub-directories of 1Mb or more:
     data 1.4Mb
     doc 5.3Mb
     extdata 1.0Mb
     include 2.8Mb
     libs 39.2Mb
Flavors: r-devel-linux-x86_64-fedora-clang, r-devel-windows-ix86+x86_64, r-patched-solaris-x86, r-release-windows-ix86+x86_64, r-release-osx-x86_64, r-oldrel-windows-ix86+x86_64, r-oldrel-osx-x86_64

Version: 0.41.2
Check: whether package can be installed
Result: WARN
    Found the following significant warnings:
     ../inst/include/CImg.h:55774:32: warning: ‘void* memcpy(void*, const void*, size_t)’ writing to an object of type ‘struct cimg_library::CImg<char>’ with no trivial copy-assignment; use copy-assignment or copy-initialization instead [-Wclass-memaccess]
     ../inst/include/CImg.h:55775:44: warning: ‘void* memcpy(void*, const void*, size_t)’ writing to an object of type ‘struct cimg_library::CImg<char>’ with no trivial copy-assignment; use copy-assignment or copy-initialization instead [-Wclass-memaccess]
     ../inst/include/CImg.h:55788:22: warning: ‘void* memset(void*, int, size_t)’ clearing an object of type ‘struct cimg_library::CImg<char>’ with no trivial copy-assignment; use assignment or value-initialization instead [-Wclass-memaccess]
     ../inst/include/CImg.h:55792:45: warning: ‘void* memmove(void*, const void*, size_t)’ writing to an object of type ‘struct cimg_library::CImg<char>’ with no trivial copy-assignment; use copy-assignment or copy-initialization instead [-Wclass-memaccess]
     ../inst/include/CImg.h:58819:20: warning: ‘void* memset(void*, int, size_t)’ clearing an object of type ‘struct cimg_library::CImgList<unsigned char>’ with no trivial copy-assignment; use assignment or value-initialization instead [-Wclass-memaccess]
     ../inst/include/CImg.h:55774:32: warning: ‘void* memcpy(void*, const void*, size_t)’ writing to an object of type ‘struct cimg_library::CImg<unsigned char>’ with no trivial copy-assignment; use copy-assignment or copy-initialization instead [-Wclass-memaccess]
     ../inst/include/CImg.h:55775:44: warning: ‘void* memcpy(void*, const void*, size_t)’ writing to an object of type ‘struct cimg_library::CImg<unsigned char>’ with no trivial copy-assignment; use copy-assignment or copy-initialization instead [-Wclass-memaccess]
     ../inst/include/CImg.h:55788:22: warning: ‘void* memset(void*, int, size_t)’ clearing an object of type ‘struct cimg_library::CImg<unsigned char>’ with no trivial copy-assignment; use assignment or value-initialization instead [-Wclass-memaccess]
     ../inst/include/CImg.h:55792:45: warning: ‘void* memmove(void*, const void*, size_t)’ writing to an object of type ‘struct cimg_library::CImg<unsigned char>’ with no trivial copy-assignment; use copy-assignment or copy-initialization instead [-Wclass-memaccess]
     ../inst/include/CImg.h:55774:32: warning: ‘void* memcpy(void*, const void*, size_t)’ writing to an object of type ‘struct cimg_library::CImg<long unsigned int>’ with no trivial copy-assignment; use copy-assignment or copy-initialization instead [-Wclass-memaccess]
     ../inst/include/CImg.h:55775:44: warning: ‘void* memcpy(void*, const void*, size_t)’ writing to an object of type ‘struct cimg_library::CImg<long unsigned int>’ with no trivial copy-assignment; use copy-assignment or copy-initialization instead [-Wclass-memaccess]
     ../inst/include/CImg.h:55788:22: warning: ‘void* memset(void*, int, size_t)’ clearing an object of type ‘struct cimg_library::CImg<long unsigned int>’ with no trivial copy-assignment; use assignment or value-initialization instead [-Wclass-memaccess]
     ../inst/include/CImg.h:55792:45: warning: ‘void* memmove(void*, const void*, size_t)’ writing to an object of type ‘struct cimg_library::CImg<long unsigned int>’ with no trivial copy-assignment; use copy-assignment or copy-initialization instead [-Wclass-memaccess]
     ../inst/include/CImg.h:55927:42: warning: ‘void* memmove(void*, const void*, size_t)’ writing to an object of type ‘struct cimg_library::CImg<char>’ with no trivial copy-assignment; use copy-assignment or copy-initialization instead [-Wclass-memaccess]
     ../inst/include/CImg.h:55928:22: warning: ‘void* memset(void*, int, size_t)’ clearing an object of type ‘struct cimg_library::CImg<char>’ with no trivial copy-assignment; use assignment or value-initialization instead [-Wclass-memaccess]
     ../inst/include/CImg.h:55933:33: warning: ‘void* memcpy(void*, const void*, size_t)’ writing to an object of type ‘struct cimg_library::CImg<char>’ with no trivial copy-assignment; use copy-assignment or copy-initialization instead [-Wclass-memaccess]
     ../inst/include/CImg.h:55934:41: warning: ‘void* memcpy(void*, const void*, size_t)’ writing to an object of type ‘struct cimg_library::CImg<char>’ with no trivial copy-assignment; use copy-assignment or copy-initialization instead [-Wclass-memaccess]
     ../inst/include/CImg.h:55935:52: warning: ‘void* memset(void*, int, size_t)’ clearing an object of type ‘struct cimg_library::CImg<char>’ with no trivial copy-assignment; use assignment or value-initialization instead [-Wclass-memaccess]
     ../inst/include/CImg.h:55936:22: warning: ‘void* memset(void*, int, size_t)’ clearing an object of type ‘struct cimg_library::CImg<char>’ with no trivial copy-assignment; use assignment or value-initialization instead [-Wclass-memaccess]
     ../inst/include/CImg.h:55774:32: warning: ‘void* memcpy(void*, const void*, size_t)’ writing to an object of type ‘struct cimg_library::CImg<bool>’ with no trivial copy-assignment; use copy-assignment or copy-initialization instead [-Wclass-memaccess]
     ../inst/include/CImg.h:55775:44: warning: ‘void* memcpy(void*, const void*, size_t)’ writing to an object of type ‘struct cimg_library::CImg<bool>’ with no trivial copy-assignment; use copy-assignment or copy-initialization instead [-Wclass-memaccess]
     ../inst/include/CImg.h:55788:22: warning: ‘void* memset(void*, int, size_t)’ clearing an object of type ‘struct cimg_library::CImg<bool>’ with no trivial copy-assignment; use assignment or value-initialization instead [-Wclass-memaccess]
     ../inst/include/CImg.h:55792:45: warning: ‘void* memmove(void*, const void*, size_t)’ writing to an object of type ‘struct cimg_library::CImg<bool>’ with no trivial copy-assignment; use copy-assignment or copy-initialization instead [-Wclass-memaccess]
     ../inst/include/CImg.h:55927:42: warning: ‘void* memmove(void*, const void*, size_t)’ writing to an object of type ‘struct cimg_library::CImg<long unsigned int>’ with no trivial copy-assignment; use copy-assignment or copy-initialization instead [-Wclass-memaccess]
     ../inst/include/CImg.h:55928:22: warning: ‘void* memset(void*, int, size_t)’ clearing an object of type ‘struct cimg_library::CImg<long unsigned int>’ with no trivial copy-assignment; use assignment or value-initialization instead [-Wclass-memaccess]
     ../inst/include/CImg.h:55933:33: warning: ‘void* memcpy(void*, const void*, size_t)’ writing to an object of type ‘struct cimg_library::CImg<long unsigned int>’ with no trivial copy-assignment; use copy-assignment or copy-initialization instead [-Wclass-memaccess]
     ../inst/include/CImg.h:55934:41: warning: ‘void* memcpy(void*, const void*, size_t)’ writing to an object of type ‘struct cimg_library::CImg<long unsigned int>’ with no trivial copy-assignment; use copy-assignment or copy-initialization instead [-Wclass-memaccess]
     ../inst/include/CImg.h:55935:52: warning: ‘void* memset(void*, int, size_t)’ clearing an object of type ‘struct cimg_library::CImg<long unsigned int>’ with no trivial copy-assignment; use assignment or value-initialization instead [-Wclass-memaccess]
     ../inst/include/CImg.h:55936:22: warning: ‘void* memset(void*, int, size_t)’ clearing an object of type ‘struct cimg_library::CImg<long unsigned int>’ with no trivial copy-assignment; use assignment or value-initialization instead [-Wclass-memaccess]
     ../inst/include/CImg.h:55774:32: warning: ‘void* memcpy(void*, const void*, size_t)’ writing to an object of type ‘struct cimg_library::CImg<unsigned int>’ with no trivial copy-assignment; use copy-assignment or copy-initialization instead [-Wclass-memaccess]
     ../inst/include/CImg.h:55775:44: warning: ‘void* memcpy(void*, const void*, size_t)’ writing to an object of type ‘struct cimg_library::CImg<unsigned int>’ with no trivial copy-assignment; use copy-assignment or copy-initialization instead [-Wclass-memaccess]
     ../inst/include/CImg.h:55788:22: warning: ‘void* memset(void*, int, size_t)’ clearing an object of type ‘struct cimg_library::CImg<unsigned int>’ with no trivial copy-assignment; use assignment or value-initialization instead [-Wclass-memaccess]
     ../inst/include/CImg.h:55792:45: warning: ‘void* memmove(void*, const void*, size_t)’ writing to an object of type ‘struct cimg_library::CImg<unsigned int>’ with no trivial copy-assignment; use copy-assignment or copy-initialization instead [-Wclass-memaccess]
     ../inst/include/CImg.h:55774:32: warning: ‘void* memcpy(void*, const void*, size_t)’ writing to an object of type ‘struct cimg_library::CImg<double>’ with no trivial copy-assignment; use copy-assignment or copy-initialization instead [-Wclass-memaccess]
     ../inst/include/CImg.h:55775:44: warning: ‘void* memcpy(void*, const void*, size_t)’ writing to an object of type ‘struct cimg_library::CImg<double>’ with no trivial copy-assignment; use copy-assignment or copy-initialization instead [-Wclass-memaccess]
     ../inst/include/CImg.h:55788:22: warning: ‘void* memset(void*, int, size_t)’ clearing an object of type ‘struct cimg_library::CImg<double>’ with no trivial copy-assignment; use assignment or value-initialization instead [-Wclass-memaccess]
     ../inst/include/CImg.h:55792:45: warning: ‘void* memmove(void*, const void*, size_t)’ writing to an object of type ‘struct cimg_library::CImg<double>’ with no trivial copy-assignment; use copy-assignment or copy-initialization instead [-Wclass-memaccess]
     /usr/include/bits/string_fortified.h:106:34: warning: ‘char* __builtin_strncpy(char*, const char*, long unsigned int)’ output truncated before terminating nul copying as many bytes from a string as its length [-Wstringop-truncation]
     ../inst/include/CImg.h:55774:32: warning: ‘void* memcpy(void*, const void*, size_t)’ writing to an object of type ‘struct cimg_library::CImg<int>’ with no trivial copy-assignment; use copy-assignment or copy-initialization instead [-Wclass-memaccess]
     ../inst/include/CImg.h:55775:44: warning: ‘void* memcpy(void*, const void*, size_t)’ writing to an object of type ‘struct cimg_library::CImg<int>’ with no trivial copy-assignment; use copy-assignment or copy-initialization instead [-Wclass-memaccess]
     ../inst/include/CImg.h:55788:22: warning: ‘void* memset(void*, int, size_t)’ clearing an object of type ‘struct cimg_library::CImg<int>’ with no trivial copy-assignment; use assignment or value-initialization instead [-Wclass-memaccess]
     ../inst/include/CImg.h:55792:45: warning: ‘void* memmove(void*, const void*, size_t)’ writing to an object of type ‘struct cimg_library::CImg<int>’ with no trivial copy-assignment; use copy-assignment or copy-initialization instead [-Wclass-memaccess]
     ../inst/include/CImg.h:55774:32: warning: ‘void* memcpy(void*, const void*, size_t)’ writing to an object of type ‘struct cimg_library::CImg<float>’ with no trivial copy-assignment; use copy-assignment or copy-initialization instead [-Wclass-memaccess]
     ../inst/include/CImg.h:55775:44: warning: ‘void* memcpy(void*, const void*, size_t)’ writing to an object of type ‘struct cimg_library::CImg<float>’ with no trivial copy-assignment; use copy-assignment or copy-initialization instead [-Wclass-memaccess]
     ../inst/include/CImg.h:55788:22: warning: ‘void* memset(void*, int, size_t)’ clearing an object of type ‘struct cimg_library::CImg<float>’ with no trivial copy-assignment; use assignment or value-initialization instead [-Wclass-memaccess]
     ../inst/include/CImg.h:55792:45: warning: ‘void* memmove(void*, const void*, size_t)’ writing to an object of type ‘struct cimg_library::CImg<float>’ with no trivial copy-assignment; use copy-assignment or copy-initialization instead [-Wclass-memaccess]
Flavor: r-devel-linux-x86_64-fedora-gcc

Version: 0.41.2
Check: whether package can be installed
Result: WARN
    Found the following significant warnings:
     ../inst/include/CImg.h:55774:32: warning: ‘void* memcpy(void*, const void*, size_t)’ writing to an object of type ‘struct cimg_library::CImg<char>’ with no trivial copy-assignment; use copy-assignment or copy-initialization instead [-Wclass-memaccess]
     ../inst/include/CImg.h:55775:44: warning: ‘void* memcpy(void*, const void*, size_t)’ writing to an object of type ‘struct cimg_library::CImg<char>’ with no trivial copy-assignment; use copy-assignment or copy-initialization instead [-Wclass-memaccess]
     ../inst/include/CImg.h:55788:22: warning: ‘void* memset(void*, int, size_t)’ clearing an object of type ‘struct cimg_library::CImg<char>’ with no trivial copy-assignment; use assignment or value-initialization instead [-Wclass-memaccess]
     ../inst/include/CImg.h:55792:45: warning: ‘void* memmove(void*, const void*, size_t)’ writing to an object of type ‘struct cimg_library::CImg<char>’ with no trivial copy-assignment; use copy-assignment or copy-initialization instead [-Wclass-memaccess]
     ../inst/include/CImg.h:58819:20: warning: ‘void* memset(void*, int, size_t)’ clearing an object of type ‘struct cimg_library::CImgList<unsigned char>’ with no trivial copy-assignment; use assignment or value-initialization instead [-Wclass-memaccess]
     ../inst/include/CImg.h:55774:32: warning: ‘void* memcpy(void*, const void*, size_t)’ writing to an object of type ‘struct cimg_library::CImg<unsigned char>’ with no trivial copy-assignment; use copy-assignment or copy-initialization instead [-Wclass-memaccess]
     ../inst/include/CImg.h:55775:44: warning: ‘void* memcpy(void*, const void*, size_t)’ writing to an object of type ‘struct cimg_library::CImg<unsigned char>’ with no trivial copy-assignment; use copy-assignment or copy-initialization instead [-Wclass-memaccess]
     ../inst/include/CImg.h:55788:22: warning: ‘void* memset(void*, int, size_t)’ clearing an object of type ‘struct cimg_library::CImg<unsigned char>’ with no trivial copy-assignment; use assignment or value-initialization instead [-Wclass-memaccess]
     ../inst/include/CImg.h:55792:45: warning: ‘void* memmove(void*, const void*, size_t)’ writing to an object of type ‘struct cimg_library::CImg<unsigned char>’ with no trivial copy-assignment; use copy-assignment or copy-initialization instead [-Wclass-memaccess]
     ../inst/include/CImg.h:55774:32: warning: ‘void* memcpy(void*, const void*, size_t)’ writing to an object of type ‘struct cimg_library::CImg<long unsigned int>’ with no trivial copy-assignment; use copy-assignment or copy-initialization instead [-Wclass-memaccess]
     ../inst/include/CImg.h:55775:44: warning: ‘void* memcpy(void*, const void*, size_t)’ writing to an object of type ‘struct cimg_library::CImg<long unsigned int>’ with no trivial copy-assignment; use copy-assignment or copy-initialization instead [-Wclass-memaccess]
     ../inst/include/CImg.h:55788:22: warning: ‘void* memset(void*, int, size_t)’ clearing an object of type ‘struct cimg_library::CImg<long unsigned int>’ with no trivial copy-assignment; use assignment or value-initialization instead [-Wclass-memaccess]
     ../inst/include/CImg.h:55792:45: warning: ‘void* memmove(void*, const void*, size_t)’ writing to an object of type ‘struct cimg_library::CImg<long unsigned int>’ with no trivial copy-assignment; use copy-assignment or copy-initialization instead [-Wclass-memaccess]
     ../inst/include/CImg.h:55927:42: warning: ‘void* memmove(void*, const void*, size_t)’ writing to an object of type ‘struct cimg_library::CImg<char>’ with no trivial copy-assignment; use copy-assignment or copy-initialization instead [-Wclass-memaccess]
     ../inst/include/CImg.h:55928:22: warning: ‘void* memset(void*, int, size_t)’ clearing an object of type ‘struct cimg_library::CImg<char>’ with no trivial copy-assignment; use assignment or value-initialization instead [-Wclass-memaccess]
     ../inst/include/CImg.h:55933:33: warning: ‘void* memcpy(void*, const void*, size_t)’ writing to an object of type ‘struct cimg_library::CImg<char>’ with no trivial copy-assignment; use copy-assignment or copy-initialization instead [-Wclass-memaccess]
     ../inst/include/CImg.h:55934:41: warning: ‘void* memcpy(void*, const void*, size_t)’ writing to an object of type ‘struct cimg_library::CImg<char>’ with no trivial copy-assignment; use copy-assignment or copy-initialization instead [-Wclass-memaccess]
     ../inst/include/CImg.h:55935:52: warning: ‘void* memset(void*, int, size_t)’ clearing an object of type ‘struct cimg_library::CImg<char>’ with no trivial copy-assignment; use assignment or value-initialization instead [-Wclass-memaccess]
     ../inst/include/CImg.h:55936:22: warning: ‘void* memset(void*, int, size_t)’ clearing an object of type ‘struct cimg_library::CImg<char>’ with no trivial copy-assignment; use assignment or value-initialization instead [-Wclass-memaccess]
     ../inst/include/CImg.h:55774:32: warning: ‘void* memcpy(void*, const void*, size_t)’ writing to an object of type ‘struct cimg_library::CImg<bool>’ with no trivial copy-assignment; use copy-assignment or copy-initialization instead [-Wclass-memaccess]
     ../inst/include/CImg.h:55775:44: warning: ‘void* memcpy(void*, const void*, size_t)’ writing to an object of type ‘struct cimg_library::CImg<bool>’ with no trivial copy-assignment; use copy-assignment or copy-initialization instead [-Wclass-memaccess]
     ../inst/include/CImg.h:55788:22: warning: ‘void* memset(void*, int, size_t)’ clearing an object of type ‘struct cimg_library::CImg<bool>’ with no trivial copy-assignment; use assignment or value-initialization instead [-Wclass-memaccess]
     ../inst/include/CImg.h:55792:45: warning: ‘void* memmove(void*, const void*, size_t)’ writing to an object of type ‘struct cimg_library::CImg<bool>’ with no trivial copy-assignment; use copy-assignment or copy-initialization instead [-Wclass-memaccess]
     ../inst/include/CImg.h:55927:42: warning: ‘void* memmove(void*, const void*, size_t)’ writing to an object of type ‘struct cimg_library::CImg<long unsigned int>’ with no trivial copy-assignment; use copy-assignment or copy-initialization instead [-Wclass-memaccess]
     ../inst/include/CImg.h:55928:22: warning: ‘void* memset(void*, int, size_t)’ clearing an object of type ‘struct cimg_library::CImg<long unsigned int>’ with no trivial copy-assignment; use assignment or value-initialization instead [-Wclass-memaccess]
     ../inst/include/CImg.h:55933:33: warning: ‘void* memcpy(void*, const void*, size_t)’ writing to an object of type ‘struct cimg_library::CImg<long unsigned int>’ with no trivial copy-assignment; use copy-assignment or copy-initialization instead [-Wclass-memaccess]
     ../inst/include/CImg.h:55934:41: warning: ‘void* memcpy(void*, const void*, size_t)’ writing to an object of type ‘struct cimg_library::CImg<long unsigned int>’ with no trivial copy-assignment; use copy-assignment or copy-initialization instead [-Wclass-memaccess]
     ../inst/include/CImg.h:55935:52: warning: ‘void* memset(void*, int, size_t)’ clearing an object of type ‘struct cimg_library::CImg<long unsigned int>’ with no trivial copy-assignment; use assignment or value-initialization instead [-Wclass-memaccess]
     ../inst/include/CImg.h:55936:22: warning: ‘void* memset(void*, int, size_t)’ clearing an object of type ‘struct cimg_library::CImg<long unsigned int>’ with no trivial copy-assignment; use assignment or value-initialization instead [-Wclass-memaccess]
     ../inst/include/CImg.h:55774:32: warning: ‘void* memcpy(void*, const void*, size_t)’ writing to an object of type ‘struct cimg_library::CImg<unsigned int>’ with no trivial copy-assignment; use copy-assignment or copy-initialization instead [-Wclass-memaccess]
     ../inst/include/CImg.h:55775:44: warning: ‘void* memcpy(void*, const void*, size_t)’ writing to an object of type ‘struct cimg_library::CImg<unsigned int>’ with no trivial copy-assignment; use copy-assignment or copy-initialization instead [-Wclass-memaccess]
     ../inst/include/CImg.h:55788:22: warning: ‘void* memset(void*, int, size_t)’ clearing an object of type ‘struct cimg_library::CImg<unsigned int>’ with no trivial copy-assignment; use assignment or value-initialization instead [-Wclass-memaccess]
     ../inst/include/CImg.h:55792:45: warning: ‘void* memmove(void*, const void*, size_t)’ writing to an object of type ‘struct cimg_library::CImg<unsigned int>’ with no trivial copy-assignment; use copy-assignment or copy-initialization instead [-Wclass-memaccess]
     ../inst/include/CImg.h:55774:32: warning: ‘void* memcpy(void*, const void*, size_t)’ writing to an object of type ‘struct cimg_library::CImg<double>’ with no trivial copy-assignment; use copy-assignment or copy-initialization instead [-Wclass-memaccess]
     ../inst/include/CImg.h:55775:44: warning: ‘void* memcpy(void*, const void*, size_t)’ writing to an object of type ‘struct cimg_library::CImg<double>’ with no trivial copy-assignment; use copy-assignment or copy-initialization instead [-Wclass-memaccess]
     ../inst/include/CImg.h:55788:22: warning: ‘void* memset(void*, int, size_t)’ clearing an object of type ‘struct cimg_library::CImg<double>’ with no trivial copy-assignment; use assignment or value-initialization instead [-Wclass-memaccess]
     ../inst/include/CImg.h:55792:45: warning: ‘void* memmove(void*, const void*, size_t)’ writing to an object of type ‘struct cimg_library::CImg<double>’ with no trivial copy-assignment; use copy-assignment or copy-initialization instead [-Wclass-memaccess]
     ../inst/include/CImg.h:4854:21: warning: ‘char* strncpy(char*, const char*, size_t)’ output truncated before terminating nul copying as many bytes from a string as its length [-Wstringop-truncation]
     ../inst/include/CImg.h:55774:32: warning: ‘void* memcpy(void*, const void*, size_t)’ writing to an object of type ‘struct cimg_library::CImg<float>’ with no trivial copy-assignment; use copy-assignment or copy-initialization instead [-Wclass-memaccess]
     ../inst/include/CImg.h:55775:44: warning: ‘void* memcpy(void*, const void*, size_t)’ writing to an object of type ‘struct cimg_library::CImg<float>’ with no trivial copy-assignment; use copy-assignment or copy-initialization instead [-Wclass-memaccess]
     ../inst/include/CImg.h:55788:22: warning: ‘void* memset(void*, int, size_t)’ clearing an object of type ‘struct cimg_library::CImg<float>’ with no trivial copy-assignment; use assignment or value-initialization instead [-Wclass-memaccess]
     ../inst/include/CImg.h:55792:45: warning: ‘void* memmove(void*, const void*, size_t)’ writing to an object of type ‘struct cimg_library::CImg<float>’ with no trivial copy-assignment; use copy-assignment or copy-initialization instead [-Wclass-memaccess]
     ../inst/include/CImg.h:55774:32: warning: ‘void* memcpy(void*, const void*, size_t)’ writing to an object of type ‘struct cimg_library::CImg<int>’ with no trivial copy-assignment; use copy-assignment or copy-initialization instead [-Wclass-memaccess]
     ../inst/include/CImg.h:55775:44: warning: ‘void* memcpy(void*, const void*, size_t)’ writing to an object of type ‘struct cimg_library::CImg<int>’ with no trivial copy-assignment; use copy-assignment or copy-initialization instead [-Wclass-memaccess]
     ../inst/include/CImg.h:55788:22: warning: ‘void* memset(void*, int, size_t)’ clearing an object of type ‘struct cimg_library::CImg<int>’ with no trivial copy-assignment; use assignment or value-initialization instead [-Wclass-memaccess]
     ../inst/include/CImg.h:55792:45: warning: ‘void* memmove(void*, const void*, size_t)’ writing to an object of type ‘struct cimg_library::CImg<int>’ with no trivial copy-assignment; use copy-assignment or copy-initialization instead [-Wclass-memaccess]
Flavors: r-patched-linux-x86_64, r-release-linux-x86_64