CRAN Package Check Results for Package immunarch

Last updated on 2022-01-18 05:50:16 CET.

Flavor Version Tinstall Tcheck Ttotal Status Flags
r-devel-linux-x86_64-debian-clang 0.6.7 39.09 311.00 350.09 OK
r-devel-linux-x86_64-debian-gcc 0.6.7 32.60 236.58 269.18 OK
r-devel-linux-x86_64-fedora-clang 0.6.7 404.85 NOTE
r-devel-linux-x86_64-fedora-gcc 0.6.7 385.14 NOTE
r-devel-windows-x86_64-new-UL 0.6.7 101.00 360.00 461.00 NOTE
r-devel-windows-x86_64-new-TK 0.6.7 ERROR
r-patched-linux-x86_64 0.6.7 45.15 286.85 332.00 OK
r-release-linux-x86_64 0.6.7 OK
r-release-macos-arm64 0.6.7 NOTE
r-release-macos-x86_64 0.6.7 NOTE
r-release-windows-ix86+x86_64 0.6.7 64.00 523.00 587.00 NOTE
r-oldrel-macos-x86_64 0.6.7 NOTE
r-oldrel-windows-ix86+x86_64 0.6.7 91.00 517.00 608.00 NOTE

Check Details

Version: 0.6.7
Check: package dependencies
Result: NOTE
    Imports includes 28 non-default packages.
    Importing from so many packages makes the package vulnerable to any of
    them becoming unavailable. Move as many as possible to Suggests and
    use conditionally.
Flavor: r-devel-linux-x86_64-fedora-clang

Version: 0.6.7
Check: installed package size
Result: NOTE
     installed size is 7.9Mb
     sub-directories of 1Mb or more:
     data 4.3Mb
     doc 1.6Mb
Flavors: r-devel-linux-x86_64-fedora-clang, r-devel-windows-x86_64-new-UL, r-release-macos-arm64, r-release-macos-x86_64, r-release-windows-ix86+x86_64, r-oldrel-macos-x86_64, r-oldrel-windows-ix86+x86_64

Version: 0.6.7
Check: dependencies in R code
Result: NOTE
    Namespace in Imports field not imported from: ‘dbplyr’
     All declared Imports should be used.
Flavors: r-devel-linux-x86_64-fedora-clang, r-devel-linux-x86_64-fedora-gcc, r-release-macos-arm64, r-release-macos-x86_64, r-oldrel-macos-x86_64

Version: 0.6.7
Check: package dependencies
Result: ERROR
    Packages required but not available: 'factoextra', 'ggpubr'
    
    See section 'The DESCRIPTION file' in the 'Writing R Extensions'
    manual.
Flavor: r-devel-windows-x86_64-new-TK