CRAN Package Check Results for Package immuneSIM

Last updated on 2020-07-15 05:48:07 CEST.

Flavor Version Tinstall Tcheck Ttotal Status Flags
r-devel-linux-x86_64-debian-clang 0.8.7 48.26 170.56 218.82 OK
r-devel-linux-x86_64-debian-gcc 0.8.7 43.62 129.24 172.86 OK
r-devel-linux-x86_64-fedora-clang 0.8.7 275.92 OK
r-devel-linux-x86_64-fedora-gcc 0.8.7 274.57 OK
r-devel-windows-ix86+x86_64 0.8.7 91.00 229.00 320.00 OK
r-patched-linux-x86_64 0.8.7 45.87 164.46 210.33 OK
r-patched-solaris-x86 0.8.7 418.70 OK
r-release-linux-x86_64 0.8.7 47.80 164.96 212.76 OK
r-release-macos-x86_64 0.8.7 ERROR
r-release-windows-ix86+x86_64 0.8.7 98.00 167.00 265.00 OK
r-oldrel-macos-x86_64 0.8.7 OK
r-oldrel-windows-ix86+x86_64 0.8.7 91.00 201.00 292.00 OK

Check Details

Version: 0.8.7
Check: whether package can be installed
Result: ERROR
    Installation failed.
Flavor: r-release-macos-x86_64