CRAN Package Check Results for Package immuneSIM

Last updated on 2021-12-07 05:55:07 CET.

Flavor Version Tinstall Tcheck Ttotal Status Flags
r-devel-linux-x86_64-debian-clang 0.8.7 49.31 203.38 252.69 NOTE
r-devel-linux-x86_64-debian-gcc 0.8.7 45.09 154.01 199.10 NOTE
r-devel-linux-x86_64-fedora-clang 0.8.7 311.12 NOTE
r-devel-linux-x86_64-fedora-gcc 0.8.7 291.46 NOTE
r-devel-windows-x86_64-new-UL 0.8.7 76.00 236.00 312.00 NOTE
r-devel-windows-x86_64-new-TK 0.8.7 NOTE
r-devel-windows-x86_64-old 0.8.7 70.00 227.00 297.00 NOTE
r-patched-linux-x86_64 0.8.7 45.68 191.80 237.48 NOTE
r-release-linux-x86_64 0.8.7 46.91 193.47 240.38 NOTE
r-release-macos-arm64 0.8.7 NOTE
r-release-macos-x86_64 0.8.7 NOTE
r-release-windows-ix86+x86_64 0.8.7 56.00 218.00 274.00 NOTE
r-oldrel-macos-x86_64 0.8.7 OK
r-oldrel-windows-ix86+x86_64 0.8.7 84.00 206.00 290.00 OK

Check Details

Version: 0.8.7
Check: LazyData
Result: NOTE
     'LazyData' is specified without a 'data' directory
Flavors: r-devel-linux-x86_64-debian-clang, r-devel-linux-x86_64-debian-gcc, r-devel-linux-x86_64-fedora-clang, r-devel-linux-x86_64-fedora-gcc, r-devel-windows-x86_64-new-UL, r-devel-windows-x86_64-new-TK, r-devel-windows-x86_64-old, r-patched-linux-x86_64, r-release-linux-x86_64, r-release-macos-arm64, r-release-macos-x86_64, r-release-windows-ix86+x86_64

Version: 0.8.7
Check: installed package size
Result: NOTE
     installed size is 5.2Mb
     sub-directories of 1Mb or more:
     R 5.1Mb
Flavor: r-release-macos-arm64