CRAN Package Check Results for Package impactflu

Last updated on 2024-06-13 06:58:05 CEST.

Flavor Version Tinstall Tcheck Ttotal Status Flags
r-devel-linux-x86_64-debian-clang 0.1.0 34.99 55.51 90.50 NOTE
r-devel-linux-x86_64-debian-gcc 0.1.0 0.34 1.71 2.05 ERROR
r-devel-linux-x86_64-fedora-clang 0.1.0 123.06 NOTE
r-devel-linux-x86_64-fedora-gcc 0.1.0 121.13 NOTE
r-devel-windows-x86_64 0.1.0 30.00 79.00 109.00 NOTE
r-patched-linux-x86_64 0.1.0 30.84 53.27 84.11 NOTE
r-release-linux-x86_64 0.1.0 27.50 51.87 79.37 NOTE
r-release-macos-arm64 0.1.0 31.00 NOTE
r-release-macos-x86_64 0.1.0 47.00 NOTE
r-release-windows-x86_64 0.1.0 29.00 76.00 105.00 NOTE
r-oldrel-macos-arm64 0.1.0 35.00 NOTE
r-oldrel-macos-x86_64 0.1.0 57.00 NOTE
r-oldrel-windows-x86_64 0.1.0 36.00 92.00 128.00 NOTE

Check Details

Version: 0.1.0
Check: LazyData
Result: NOTE 'LazyData' is specified without a 'data' directory Flavors: r-devel-linux-x86_64-debian-clang, r-devel-linux-x86_64-fedora-clang, r-devel-linux-x86_64-fedora-gcc, r-devel-windows-x86_64, r-patched-linux-x86_64, r-release-linux-x86_64, r-release-macos-arm64, r-release-macos-x86_64, r-release-windows-x86_64, r-oldrel-macos-arm64, r-oldrel-macos-x86_64, r-oldrel-windows-x86_64

Version: 0.1.0
Check: package dependencies
Result: ERROR Packages required but not available: 'tibble', 'dplyr', 'lubridate' Package suggested but not available for checking: ‘testthat’ See section ‘The DESCRIPTION file’ in the ‘Writing R Extensions’ manual. Flavor: r-devel-linux-x86_64-debian-gcc