CRAN Package Check Results for Package imputeLCMD

Last updated on 2021-11-30 05:53:21 CET.

Flavor Version Tinstall Tcheck Ttotal Status Flags
r-devel-linux-x86_64-debian-clang 2.0 10.06 85.75 95.81 NOTE
r-devel-linux-x86_64-debian-gcc 2.0 7.97 67.67 75.64 NOTE
r-devel-linux-x86_64-fedora-clang 2.0 127.78 NOTE
r-devel-linux-x86_64-fedora-gcc 2.0 117.97 NOTE
r-devel-windows-x86_64-new-UL 2.0 18.00 127.00 145.00 NOTE
r-devel-windows-x86_64-new-TK 2.0 NOTE
r-devel-windows-x86_64-old 2.0 15.00 86.00 101.00 NOTE
r-patched-linux-x86_64 2.0 12.19 85.23 97.42 NOTE
r-patched-solaris-x86 2.0 179.60 NOTE
r-release-linux-x86_64 2.0 9.36 86.19 95.55 NOTE
r-release-macos-arm64 2.0 NOTE
r-release-macos-x86_64 2.0 NOTE
r-release-windows-ix86+x86_64 2.0 23.00 83.00 106.00 NOTE
r-oldrel-macos-x86_64 2.0 NOTE
r-oldrel-windows-ix86+x86_64 2.0 15.00 117.00 132.00 NOTE

Check Details

Version: 2.0
Check: R code for possible problems
Result: NOTE
    generate.ExpressionData: no visible global function definition for
     'rnorm'
    impute.MinDet: no visible binding for global variable 'quantile'
    impute.MinProb: no visible binding for global variable 'quantile'
    impute.MinProb: no visible binding for global variable 'sd'
    impute.MinProb: no visible global function definition for 'median'
    impute.MinProb: no visible global function definition for 'rnorm'
    impute.QRILC: no visible global function definition for 'qnorm'
    impute.QRILC: no visible global function definition for 'quantile'
    impute.QRILC: no visible global function definition for 'lm'
    insertMVs: no visible global function definition for 'rnorm'
    model.Selector: no visible global function definition for 'qnorm'
    model.Selector: no visible global function definition for 'quantile'
    model.Selector: no visible global function definition for 'lm'
    model.Selector: no visible global function definition for 'ecdf'
    model.Selector: no visible global function definition for 'pnorm'
    pep2prot: no visible binding for global variable 'median'
    Undefined global functions or variables:
     ecdf lm median pnorm qnorm quantile rnorm sd
    Consider adding
     importFrom("stats", "ecdf", "lm", "median", "pnorm", "qnorm",
     "quantile", "rnorm", "sd")
    to your NAMESPACE file.
Flavors: r-devel-linux-x86_64-debian-clang, r-devel-linux-x86_64-debian-gcc, r-devel-linux-x86_64-fedora-clang, r-devel-linux-x86_64-fedora-gcc, r-devel-windows-x86_64-new-UL, r-devel-windows-x86_64-new-TK, r-devel-windows-x86_64-old, r-patched-linux-x86_64, r-patched-solaris-x86, r-release-linux-x86_64, r-release-macos-arm64, r-release-macos-x86_64, r-release-windows-ix86+x86_64, r-oldrel-macos-x86_64, r-oldrel-windows-ix86+x86_64