CRAN Package Check Results for Package imputeMulti

Last updated on 2020-05-30 05:48:06 CEST.

Flavor Version Tinstall Tcheck Ttotal Status Flags
r-devel-linux-x86_64-debian-clang 0.6.4 29.20 30.10 59.30 NOTE
r-devel-linux-x86_64-debian-gcc 0.6.4 21.12 23.93 45.05 NOTE
r-devel-linux-x86_64-fedora-clang 0.6.4 78.69 NOTE
r-devel-linux-x86_64-fedora-gcc 0.6.4 72.62 NOTE
r-devel-windows-ix86+x86_64 0.6.4 79.00 70.00 149.00 NOTE
r-patched-linux-x86_64 0.6.4 23.48 30.68 54.16 NOTE
r-patched-solaris-x86 0.6.4 89.40 NOTE
r-release-linux-x86_64 0.6.4 22.91 30.21 53.12 NOTE
r-release-osx-x86_64 0.6.4 NOTE
r-release-windows-ix86+x86_64 0.6.4 62.00 85.00 147.00 NOTE
r-oldrel-osx-x86_64 0.6.4 NOTE
r-oldrel-windows-ix86+x86_64 0.6.4 55.00 60.00 115.00 NOTE

Check Details

Version: 0.6.4
Check: dependencies in R code
Result: NOTE
    There are ::: calls to the package's namespace in its code. A package
     almost never needs to use ::: for its own objects:
     'count_compare'
Flavors: r-devel-linux-x86_64-debian-clang, r-devel-linux-x86_64-debian-gcc, r-devel-windows-ix86+x86_64, r-patched-linux-x86_64, r-release-linux-x86_64, r-release-windows-ix86+x86_64, r-oldrel-windows-ix86+x86_64

Version: 0.6.4
Check: dependencies in R code
Result: NOTE
    Namespace in Imports field not imported from: ‘DBI’
     All declared Imports should be used.
    There are ::: calls to the package's namespace in its code. A package
     almost never needs to use ::: for its own objects:
     ‘count_compare’
Flavors: r-devel-linux-x86_64-fedora-clang, r-devel-linux-x86_64-fedora-gcc, r-patched-solaris-x86, r-release-osx-x86_64, r-oldrel-osx-x86_64

Version: 0.6.4
Check: compiled code
Result: NOTE
    File ‘imputeMulti/libs/imputeMulti.so’:
     Found no calls to: ‘R_registerRoutines’, ‘R_useDynamicSymbols’
    
    It is good practice to register native routines and to disable symbol
    search.
    
    See ‘Writing portable packages’ in the ‘Writing R Extensions’ manual.
Flavors: r-devel-linux-x86_64-fedora-clang, r-devel-linux-x86_64-fedora-gcc