CRAN Package Check Results for Package imputeMulti

Last updated on 2019-10-17 05:47:06 CEST.

Flavor Version Tinstall Tcheck Ttotal Status Flags
r-devel-linux-x86_64-debian-clang 0.6.4 24.82 27.05 51.87 NOTE
r-devel-linux-x86_64-debian-gcc 0.6.4 15.94 23.08 39.02 NOTE
r-devel-linux-x86_64-fedora-clang 0.6.4 72.03 NOTE
r-devel-linux-x86_64-fedora-gcc 0.6.4 66.81 NOTE
r-devel-windows-ix86+x86_64 0.6.4 68.00 61.00 129.00 NOTE
r-patched-linux-x86_64 0.6.4 20.10 27.10 47.20 NOTE
r-patched-solaris-x86 0.6.4 81.30 NOTE
r-release-linux-x86_64 0.6.4 19.94 27.30 47.24 NOTE
r-release-windows-ix86+x86_64 0.6.4 50.00 94.00 144.00 NOTE
r-release-osx-x86_64 0.6.4 NOTE
r-oldrel-windows-ix86+x86_64 0.6.4 42.00 61.00 103.00 NOTE
r-oldrel-osx-x86_64 0.6.4 NOTE

Check Details

Version: 0.6.4
Check: dependencies in R code
Result: NOTE
    There are ::: calls to the package's namespace in its code. A package
     almost never needs to use ::: for its own objects:
     'count_compare'
Flavors: r-devel-linux-x86_64-debian-clang, r-devel-linux-x86_64-debian-gcc, r-devel-windows-ix86+x86_64, r-patched-linux-x86_64, r-release-linux-x86_64, r-release-windows-ix86+x86_64, r-oldrel-windows-ix86+x86_64

Version: 0.6.4
Check: dependencies in R code
Result: NOTE
    Namespace in Imports field not imported from: ‘DBI’
     All declared Imports should be used.
    There are ::: calls to the package's namespace in its code. A package
     almost never needs to use ::: for its own objects:
     ‘count_compare’
Flavors: r-devel-linux-x86_64-fedora-clang, r-devel-linux-x86_64-fedora-gcc, r-patched-solaris-x86, r-release-osx-x86_64, r-oldrel-osx-x86_64

Version: 0.6.4
Check: compiled code
Result: NOTE
    File ‘imputeMulti/libs/imputeMulti.so’:
     Found no calls to: ‘R_registerRoutines’, ‘R_useDynamicSymbols’
    
    It is good practice to register native routines and to disable symbol
    search.
    
    See ‘Writing portable packages’ in the ‘Writing R Extensions’ manual.
Flavors: r-devel-linux-x86_64-fedora-clang, r-devel-linux-x86_64-fedora-gcc