CRAN Package Check Results for Package imputeTS

Last updated on 2021-07-26 05:55:07 CEST.

Flavor Version Tinstall Tcheck Ttotal Status Flags
r-devel-linux-x86_64-debian-clang 3.2 34.24 181.53 215.77 OK
r-devel-linux-x86_64-debian-gcc 3.2 24.56 131.12 155.68 OK
r-devel-linux-x86_64-fedora-clang 3.2 275.41 OK
r-devel-linux-x86_64-fedora-gcc 3.2 260.56 OK
r-devel-windows-x86_64 3.2 50.00 245.00 295.00 OK
r-devel-windows-x86_64-gcc10-UCRT 3.2 OK
r-patched-linux-x86_64 3.2 30.56 176.14 206.70 OK
r-patched-solaris-x86 3.2 357.40 OK
r-release-linux-x86_64 3.2 29.15 177.38 206.53 OK
r-release-macos-arm64 3.2 WARN
r-release-macos-x86_64 3.2 OK
r-release-windows-ix86+x86_64 3.2 83.00 276.00 359.00 NOTE
r-oldrel-macos-x86_64 3.2 OK
r-oldrel-windows-ix86+x86_64 3.2 68.00 361.00 429.00 NOTE

Check Details

Version: 3.2
Check: re-building of vignette outputs
Result: WARN
    Error(s) in re-building vignettes:
     ...
    --- re-building ‘Cheat_Sheet_imputeTS.pdf.asis’ using asis
    --- finished re-building ‘Cheat_Sheet_imputeTS.pdf.asis’
    
    --- re-building ‘imputeTS-Time-Series-Missing-Value-Imputation-in-R.ltx’ using tex
    --- finished re-building ‘imputeTS-Time-Series-Missing-Value-Imputation-in-R.ltx’
    
    --- re-building ‘gallery_visualizations.Rmd’ using rmarkdown
    Warning in engine$weave(file, quiet = quiet, encoding = enc) :
     Pandoc (>= 1.12.3) not available. Falling back to R Markdown v1.
    Quitting from lines 37-39 (gallery_visualizations.Rmd)
    Error: processing vignette 'gallery_visualizations.Rmd' failed with diagnostics:
    polygon edge not found
    --- failed re-building ‘gallery_visualizations.Rmd’
    
    SUMMARY: processing the following file failed:
     ‘gallery_visualizations.Rmd’
    
    Error: Vignette re-building failed.
    Execution halted
Flavor: r-release-macos-arm64

Version: 3.2
Check: installed package size
Result: NOTE
     installed size is 5.1Mb
     sub-directories of 1Mb or more:
     data 1.3Mb
     doc 1.1Mb
     libs 2.1Mb
Flavors: r-release-windows-ix86+x86_64, r-oldrel-windows-ix86+x86_64