CRAN Package Check Results for Package inca

Last updated on 2020-05-30 05:48:06 CEST.

Flavor Version Tinstall Tcheck Ttotal Status Flags
r-devel-linux-x86_64-debian-clang 0.0.4 53.29 56.61 109.90 OK
r-devel-linux-x86_64-debian-gcc 0.0.4 36.08 45.47 81.55 OK
r-devel-linux-x86_64-fedora-clang 0.0.4 141.59 NOTE
r-devel-linux-x86_64-fedora-gcc 0.0.4 128.51 OK
r-devel-windows-ix86+x86_64 0.0.4 92.00 107.00 199.00 OK
r-patched-linux-x86_64 0.0.4 37.51 56.90 94.41 OK
r-patched-solaris-x86 0.0.4 155.10 OK
r-release-linux-x86_64 0.0.4 35.94 56.52 92.46 OK
r-release-osx-x86_64 0.0.4 NOTE
r-release-windows-ix86+x86_64 0.0.4 77.00 157.00 234.00 OK
r-oldrel-osx-x86_64 0.0.4 OK
r-oldrel-windows-ix86+x86_64 0.0.4 88.00 94.00 182.00 OK

Check Details

Version: 0.0.4
Check: installed package size
Result: NOTE
     installed size is 5.5Mb
     sub-directories of 1Mb or more:
     libs 5.4Mb
Flavors: r-devel-linux-x86_64-fedora-clang, r-release-osx-x86_64