CRAN Package Check Results for Package incidence2

Last updated on 2021-06-23 05:49:30 CEST.

Flavor Version Tinstall Tcheck Ttotal Status Flags
r-devel-linux-x86_64-debian-clang 1.1 4.53 101.82 106.35 OK
r-devel-linux-x86_64-debian-gcc 1.1 4.18 65.10 69.28 OK
r-devel-linux-x86_64-fedora-clang 1.1 121.90 OK
r-devel-linux-x86_64-fedora-gcc 1.1 107.78 OK
r-devel-windows-x86_64 1.1 9.00 77.00 86.00 OK
r-devel-windows-x86_64-gcc10-UCRT 1.1 NOTE
r-patched-linux-x86_64 1.1 9.84 83.26 93.10 OK
r-patched-solaris-x86 1.1 136.00 OK
r-release-linux-x86_64 1.1 4.31 83.95 88.26 OK
r-release-macos-arm64 1.1 OK
r-release-macos-x86_64 1.1 ERROR
r-release-windows-ix86+x86_64 1.1 8.00 76.00 84.00 OK
r-oldrel-macos-x86_64 1.1 ERROR

Check Details

Version: 1.1
Check: package dependencies
Result: NOTE
    Package suggested but not available for checking: 'covr'
Flavor: r-devel-windows-x86_64-gcc10-UCRT

Version: 1.1
Check: tests
Result: ERROR
     Running ‘testthat.R’ [3s/3s]
    Running the tests in ‘tests/testthat.R’ failed.
    Last 13 lines of output:
    
     `actual$count[103:106]`: 14 14 14 4
     `expected$count[102:105]`: 14 14 14 6
    
     [ FAIL 1 | WARN 0 | SKIP 31 | PASS 181 ]
     Deleting unused snapshots:
     * _snaps/plots/day.png
     * _snaps/plots/double.png
     * _snaps/plots/integer.png
     * _snaps/plots/month_grouped.png
     * _snaps/plots/multiday.png
     * _snaps/plots/quarterly_grouped.png
     * _snaps/plots/week_grouped.png
     Error: Test failures
     Execution halted
Flavors: r-release-macos-x86_64, r-oldrel-macos-x86_64