CRAN Package Check Results for Package infer

Last updated on 2021-09-27 05:51:26 CEST.

Flavor Version Tinstall Tcheck Ttotal Status Flags
r-devel-linux-x86_64-debian-clang 1.0.0 8.82 435.96 444.78 OK
r-devel-linux-x86_64-debian-gcc 1.0.0 7.48 310.74 318.22 OK
r-devel-linux-x86_64-fedora-clang 1.0.0 516.30 NOTE
r-devel-linux-x86_64-fedora-gcc 1.0.0 495.52 OK
r-devel-windows-x86_64 1.0.0 13.00 383.00 396.00 OK
r-devel-windows-x86_64-gcc10-UCRT 1.0.0 OK
r-patched-linux-x86_64 1.0.0 9.48 420.62 430.10 OK
r-patched-solaris-x86 1.0.0 650.10 OK
r-release-linux-x86_64 1.0.0 7.34 415.00 422.34 OK
r-release-macos-arm64 1.0.0 OK
r-release-macos-x86_64 1.0.0 OK
r-release-windows-ix86+x86_64 1.0.0 19.00 395.00 414.00 OK
r-oldrel-macos-x86_64 1.0.0 OK
r-oldrel-windows-ix86+x86_64 1.0.0 14.00 415.00 429.00 OK

Check Details

Version: 1.0.0
Check: Rd cross-references
Result: NOTE
    Undeclared package ‘parsnip’ in Rd xrefs
Flavor: r-devel-linux-x86_64-fedora-clang