CRAN Package Check Results for Package influxdbr

Last updated on 2020-07-15 05:48:07 CEST.

Flavor Version Tinstall Tcheck Ttotal Status Flags
r-devel-linux-x86_64-debian-clang 0.14.2 3.06 27.61 30.67 OK
r-devel-linux-x86_64-debian-gcc 0.14.2 2.54 21.16 23.70 OK
r-devel-linux-x86_64-fedora-clang 0.14.2 45.27 OK
r-devel-linux-x86_64-fedora-gcc 0.14.2 37.49 OK
r-devel-windows-ix86+x86_64 0.14.2 10.00 54.00 64.00 OK
r-patched-linux-x86_64 0.14.2 3.51 26.68 30.19 OK
r-patched-solaris-x86 0.14.2 53.50 OK
r-release-linux-x86_64 0.14.2 2.63 27.01 29.64 OK
r-release-macos-x86_64 0.14.2 FAIL
r-release-windows-ix86+x86_64 0.14.2 13.00 64.00 77.00 OK
r-oldrel-macos-x86_64 0.14.2 OK
r-oldrel-windows-ix86+x86_64 0.14.2 8.00 51.00 59.00 OK

Check Details

Version: 0.14.2
Check: DESCRIPTION meta-information
Result: FAIL
Flavor: r-release-macos-x86_64