CRAN Package Check Results for Package infraFDTD.assist

Last updated on 2021-10-26 05:59:52 CEST.

Flavor Version Tinstall Tcheck Ttotal Status Flags
r-devel-linux-x86_64-debian-clang 0.6 2.83 25.52 28.35 NOTE
r-devel-linux-x86_64-debian-gcc 0.6 1.92 19.44 21.36 NOTE
r-devel-linux-x86_64-fedora-clang 0.6 44.41 NOTE
r-devel-linux-x86_64-fedora-gcc 0.6 33.60 NOTE
r-devel-windows-x86_64 0.6 5.00 44.00 49.00 OK
r-devel-windows-x86_64-gcc10-UCRT 0.6 OK
r-patched-linux-x86_64 0.6 2.78 24.35 27.13 NOTE
r-patched-solaris-x86 0.6 52.90 NOTE
r-release-linux-x86_64 0.6 2.16 24.40 26.56 NOTE
r-release-macos-arm64 0.6 OK
r-release-macos-x86_64 0.6 OK
r-release-windows-ix86+x86_64 0.6 6.00 48.00 54.00 OK
r-oldrel-macos-x86_64 0.6 OK
r-oldrel-windows-ix86+x86_64 0.6 6.00 50.00 56.00 OK

Check Details

Version: 0.6
Check: for non-standard things in the check directory
Result: NOTE
    Found the following files/directories:
     'c.txt' 'rho.txt' 'sta.txt' 'topo.txt'
Flavors: r-devel-linux-x86_64-debian-clang, r-devel-linux-x86_64-debian-gcc, r-devel-linux-x86_64-fedora-clang, r-devel-linux-x86_64-fedora-gcc, r-patched-linux-x86_64, r-patched-solaris-x86, r-release-linux-x86_64