CRAN Package Check Results for Package inlpubs

Last updated on 2022-12-08 06:56:44 CET.

Flavor Version Tinstall Tcheck Ttotal Status Flags
r-devel-linux-x86_64-debian-clang 1.0.4 3.61 89.55 93.16 OK
r-devel-linux-x86_64-debian-gcc 1.0.4 2.50 69.74 72.24 OK
r-devel-linux-x86_64-fedora-clang 1.0.4 132.13 NOTE
r-devel-linux-x86_64-fedora-gcc 1.0.4 139.27 OK
r-devel-windows-x86_64 1.0.4 13.00 136.00 149.00 OK
r-patched-linux-x86_64 1.0.4 3.53 103.60 107.13 OK
r-release-linux-x86_64 1.0.4 3.07 138.67 141.74 OK
r-release-macos-arm64 1.0.4 55.00 OK
r-release-macos-x86_64 1.0.4 66.00 OK
r-release-windows-x86_64 1.0.4 6.00 167.00 173.00 OK
r-oldrel-macos-arm64 1.0.4 56.00 OK
r-oldrel-macos-x86_64 1.0.4 72.00 OK
r-oldrel-windows-ix86+x86_64 1.0.4 8.00 153.00 161.00 OK

Check Details

Version: 1.0.4
Check: installed package size
Result: NOTE
     installed size is 5.0Mb
     sub-directories of 1Mb or more:
     doc 4.5Mb
Flavor: r-devel-linux-x86_64-fedora-clang