CRAN Package Check Results for Package inops

Last updated on 2021-09-27 05:51:26 CEST.

Flavor Version Tinstall Tcheck Ttotal Status Flags
r-devel-linux-x86_64-debian-clang 0.0.1 2.20 31.09 33.29 NOTE
r-devel-linux-x86_64-debian-gcc 0.0.1 1.70 25.26 26.96 NOTE
r-devel-linux-x86_64-fedora-clang 0.0.1 52.16 NOTE
r-devel-linux-x86_64-fedora-gcc 0.0.1 39.63 NOTE
r-devel-windows-x86_64 0.0.1 4.00 38.00 42.00 NOTE
r-devel-windows-x86_64-gcc10-UCRT 0.0.1 NOTE
r-patched-linux-x86_64 0.0.1 2.31 29.74 32.05 NOTE
r-patched-solaris-x86 0.0.1 62.00 NOTE
r-release-linux-x86_64 0.0.1 1.90 30.25 32.15 NOTE
r-release-macos-arm64 0.0.1 NOTE
r-release-macos-x86_64 0.0.1 NOTE
r-release-windows-ix86+x86_64 0.0.1 5.00 40.00 45.00 NOTE
r-oldrel-macos-x86_64 0.0.1 OK
r-oldrel-windows-ix86+x86_64 0.0.1 22.00 39.00 61.00 OK

Check Details

Version: 0.0.1
Check: LazyData
Result: NOTE
     'LazyData' is specified without a 'data' directory
Flavors: r-devel-linux-x86_64-debian-clang, r-devel-linux-x86_64-debian-gcc, r-devel-linux-x86_64-fedora-clang, r-devel-linux-x86_64-fedora-gcc, r-devel-windows-x86_64, r-devel-windows-x86_64-gcc10-UCRT, r-patched-linux-x86_64, r-patched-solaris-x86, r-release-linux-x86_64, r-release-macos-arm64, r-release-macos-x86_64, r-release-windows-ix86+x86_64