CRAN Package Check Results for Package installr

Last updated on 2024-06-12 06:58:22 CEST.

Flavor Version Tinstall Tcheck Ttotal Status Flags
r-devel-linux-x86_64-debian-clang 0.23.4 7.20 63.55 70.75 NOTE
r-devel-linux-x86_64-debian-gcc 0.23.4 4.61 46.41 51.02 NOTE
r-devel-linux-x86_64-fedora-clang 0.23.4 85.76 NOTE
r-devel-linux-x86_64-fedora-gcc 0.23.4 92.53 NOTE
r-devel-windows-x86_64 0.23.4 7.00 80.00 87.00 NOTE
r-patched-linux-x86_64 0.23.4 8.10 60.71 68.81 NOTE
r-release-linux-x86_64 0.23.4 5.86 60.57 66.43 NOTE
r-release-macos-arm64 0.23.4 35.00 NOTE
r-release-macos-x86_64 0.23.4 47.00 NOTE
r-release-windows-x86_64 0.23.4 7.00 81.00 88.00 NOTE
r-oldrel-macos-arm64 0.23.4 34.00 OK
r-oldrel-macos-x86_64 0.23.4 48.00 OK
r-oldrel-windows-x86_64 0.23.4 9.00 91.00 100.00 OK

Check Details

Version: 0.23.4
Check: Rd files
Result: NOTE checkRd: (-1) ask.user.yn.question.Rd:44: Lost braces; missing escapes or markup? 44 | menu in the {utils} package, yesno in the {devtools} package. | ^ checkRd: (-1) ask.user.yn.question.Rd:44: Lost braces; missing escapes or markup? 44 | menu in the {utils} package, yesno in the {devtools} package. | ^ checkRd: (-1) install.FFmpeg.Rd:25: Lost braces; missing escapes or markup? 25 | This function is useful for saveVideo() in the {animation} package. | ^ checkRd: (-1) install.SWFTools.Rd:27: Lost braces; missing escapes or markup? 27 | This function is useful for saveSWF() in the {animation} package. | ^ checkRd: (-1) os.shutdown.Rd:25: Lost braces; missing escapes or markup? 25 | This function is a modified version of Yihui's shutdown function from the {fun} package. | ^ Flavors: r-devel-linux-x86_64-debian-clang, r-devel-linux-x86_64-debian-gcc, r-devel-linux-x86_64-fedora-clang, r-devel-linux-x86_64-fedora-gcc, r-devel-windows-x86_64, r-patched-linux-x86_64, r-release-linux-x86_64, r-release-macos-arm64, r-release-macos-x86_64, r-release-windows-x86_64

Version: 0.23.4
Check: for non-standard things in the check directory
Result: NOTE Found the following files/directories: ‘pkgbuild’ Flavor: r-devel-linux-x86_64-fedora-gcc