CRAN Package Check Results for Package iotables

Last updated on 2022-01-28 05:49:00 CET.

Flavor Version Tinstall Tcheck Ttotal Status Flags
r-devel-linux-x86_64-debian-clang 0.4.7 15.89 227.97 243.86 OK
r-devel-linux-x86_64-debian-gcc 0.4.7 12.78 290.61 303.39 OK
r-devel-linux-x86_64-fedora-clang 0.4.7 291.94 OK
r-devel-linux-x86_64-fedora-gcc 0.4.7 287.58 OK
r-devel-windows-x86_64-new-UL 0.4.7 156.00 438.00 594.00 OK
r-devel-windows-x86_64-new-TK 0.4.7 OK
r-patched-linux-x86_64 0.4.7 15.32 224.47 239.79 OK
r-release-linux-x86_64 0.4.7 10.26 223.13 233.39 OK
r-release-macos-arm64 0.4.7 OK
r-release-macos-x86_64 0.4.7 OK
r-release-windows-ix86+x86_64 0.4.7 35.00 204.00 239.00 WARN
r-oldrel-macos-x86_64 0.4.7 OK
r-oldrel-windows-ix86+x86_64 0.4.7 36.00 211.00 247.00 WARN

Check Details

Version: 0.4.7
Check: re-building of vignette outputs
Result: WARN
    Error(s) in re-building vignettes:
    --- re-building 'environmental_impact.Rmd' using rmarkdown
    
    Attaching package: 'dplyr'
    
    The following objects are masked from 'package:stats':
    
     filter, lag
    
    The following objects are masked from 'package:base':
    
     intersect, setdiff, setequal, union
    
    Quitting from lines 105-106 (environmental_impact.Rmd)
    Error: processing vignette 'environmental_impact.Rmd' failed with diagnostics:
    CH4 is not recognized as an air pollutant in Eurostat table env_ac_ainah_r2
    --- failed re-building 'environmental_impact.Rmd'
    
    --- re-building 'intro.Rmd' using rmarkdown
    
    Attaching package: 'dplyr'
    
    The following objects are masked from 'package:stats':
    
     filter, lag
    
    The following objects are masked from 'package:base':
    
     intersect, setdiff, setequal, union
    
    Warning in eval(parse_only(code), envir = envir) :
     NAs introduced by coercion
    --- finished re-building 'intro.Rmd'
    
    --- re-building 'united_kingdom_2010.Rmd' using rmarkdown
    --- finished re-building 'united_kingdom_2010.Rmd'
    
    --- re-building 'working_with_eurostat.Rmd' using rmarkdown
    Columns and rows of CPA_L68A, CPA_T, CPA_U are all zeros and will be removed.
    Joining, by = c("prod_na", "CPA_A01", "CPA_A02", "CPA_A03", "CPA_B", "CPA_C10-12", "CPA_C13-15", "CPA_C16", "CPA_C17", "CPA_C18", "CPA_C19", "CPA_C20", "CPA_C21", "CPA_C22", "CPA_C23", "CPA_C24", "CPA_C25", "CPA_C26", "CPA_C27", "CPA_C28", "CPA_C29", "CPA_C30", "CPA_C31_32", "CPA_C33", "CPA_D", "CPA_E36", "CPA_E37-39", "CPA_F", "CPA_G45", "CPA_G46", "CPA_H49", "CPA_H50", "CPA_H51", "CPA_H52", "CPA_H53", "CPA_I", "CPA_J58", "CPA_J59_60", "CPA_J61", "CPA_J62_63", "CPA_K64", "CPA_K65", "CPA_K66", "CPA_L68B", "CPA_M69_70", "CPA_M71", "CPA_M72", "CPA_M73", "CPA_M74_75", "CPA_N77", "CPA_N78", "CPA_N79", "CPA_N80-82", "CPA_O", "CPA_P", "CPA_Q86", "CPA_Q87_88", "CPA_R90-92", "CPA_R93", "CPA_S94", "CPA_S95", "CPA_S96")
    Columns and rows of CPA_L68A are all zeros and will be removed.
    --- finished re-building 'working_with_eurostat.Rmd'
    
    SUMMARY: processing the following file failed:
     'environmental_impact.Rmd'
    
    Error: Vignette re-building failed.
    Execution halted
Flavors: r-release-windows-ix86+x86_64, r-oldrel-windows-ix86+x86_64