CRAN Package Check Results for Package ipc

Last updated on 2022-10-06 05:59:29 CEST.

Flavor Version Tinstall Tcheck Ttotal Status Flags
r-devel-linux-x86_64-debian-clang 0.1.3 10.26 33.87 44.13 NOTE
r-devel-linux-x86_64-debian-gcc 0.1.3 6.12 26.15 32.27 NOTE
r-devel-linux-x86_64-fedora-clang 0.1.3 66.77 NOTE
r-devel-linux-x86_64-fedora-gcc 0.1.3 62.49 NOTE
r-devel-windows-x86_64 0.1.3 21.00 71.00 92.00 NOTE
r-patched-linux-x86_64 0.1.3 9.95 32.65 42.60 NOTE
r-release-linux-x86_64 0.1.3 9.30 32.46 41.76 NOTE
r-release-macos-arm64 0.1.3 24.00 NOTE
r-release-macos-x86_64 0.1.3 43.00 NOTE
r-release-windows-x86_64 0.1.3 19.00 67.00 86.00 NOTE
r-oldrel-macos-arm64 0.1.3 27.00 NOTE
r-oldrel-macos-x86_64 0.1.3 48.00 NOTE
r-oldrel-windows-ix86+x86_64 0.1.3 17.00 62.00 79.00 NOTE

Check Details

Version: 0.1.3
Check: LazyData
Result: NOTE
     'LazyData' is specified without a 'data' directory
Flavors: r-devel-linux-x86_64-debian-clang, r-devel-linux-x86_64-debian-gcc, r-devel-linux-x86_64-fedora-clang, r-devel-linux-x86_64-fedora-gcc, r-devel-windows-x86_64, r-patched-linux-x86_64, r-release-linux-x86_64, r-release-macos-arm64, r-release-macos-x86_64, r-release-windows-x86_64, r-oldrel-macos-arm64, r-oldrel-macos-x86_64, r-oldrel-windows-ix86+x86_64