CRAN Package Check Results for Package ipfr

Last updated on 2024-06-21 06:58:16 CEST.

Flavor Version Tinstall Tcheck Ttotal Status Flags
r-devel-linux-x86_64-debian-clang 1.0.2 7.56 168.86 176.42 NOTE
r-devel-linux-x86_64-debian-gcc 1.0.2 4.66 124.83 129.49 NOTE
r-devel-linux-x86_64-fedora-clang 1.0.2 212.27 NOTE
r-devel-linux-x86_64-fedora-gcc 1.0.2 217.60 NOTE
r-devel-windows-x86_64 1.0.2 7.00 123.00 130.00 NOTE
r-patched-linux-x86_64 1.0.2 6.11 159.26 165.37 NOTE
r-release-linux-x86_64 1.0.2 5.10 160.05 165.15 NOTE
r-release-macos-arm64 1.0.2 65.00 NOTE
r-release-macos-x86_64 1.0.2 102.00 NOTE
r-release-windows-x86_64 1.0.2 7.00 137.00 144.00 NOTE
r-oldrel-macos-arm64 1.0.2 79.00 NOTE
r-oldrel-macos-x86_64 1.0.2 121.00 NOTE
r-oldrel-windows-x86_64 1.0.2 7.00 161.00 168.00 NOTE

Check Details

Version: 1.0.2
Check: LazyData
Result: NOTE 'LazyData' is specified without a 'data' directory Flavors: r-devel-linux-x86_64-debian-clang, r-devel-linux-x86_64-debian-gcc, r-devel-linux-x86_64-fedora-clang, r-devel-linux-x86_64-fedora-gcc, r-devel-windows-x86_64, r-patched-linux-x86_64, r-release-linux-x86_64, r-release-macos-arm64, r-release-macos-x86_64, r-release-windows-x86_64, r-oldrel-macos-arm64, r-oldrel-macos-x86_64, r-oldrel-windows-x86_64