CRAN Package Check Results for Package isocountry

Last updated on 2024-06-21 06:58:16 CEST.

Flavor Version Tinstall Tcheck Ttotal Status Flags
r-devel-linux-x86_64-debian-clang 0.2.0 3.94 35.29 39.23 OK
r-devel-linux-x86_64-debian-gcc 0.2.0 2.78 27.01 29.79 OK
r-devel-linux-x86_64-fedora-clang 0.2.0 49.05 NOTE
r-devel-linux-x86_64-fedora-gcc 0.2.0 47.06 NOTE
r-devel-windows-x86_64 0.2.0 5.00 46.00 51.00 OK
r-patched-linux-x86_64 0.2.0 3.99 34.11 38.10 OK
r-release-linux-x86_64 0.2.0 3.45 34.24 37.69 OK
r-release-macos-arm64 0.2.0 19.00 OK
r-release-macos-x86_64 0.2.0 28.00 OK
r-release-windows-x86_64 0.2.0 5.00 59.00 64.00 OK
r-oldrel-macos-arm64 0.2.0 24.00 OK
r-oldrel-macos-x86_64 0.2.0 41.00 OK
r-oldrel-windows-x86_64 0.2.0 6.00 53.00 59.00 OK

Check Details

Version: 0.2.0
Check: data for non-ASCII characters
Result: NOTE Note: found 12 marked UTF-8 strings Flavors: r-devel-linux-x86_64-fedora-clang, r-devel-linux-x86_64-fedora-gcc