CRAN Package Check Results for Package jgcricolors

Last updated on 2021-11-28 05:49:37 CET.

Flavor Version Tinstall Tcheck Ttotal Status Flags
r-devel-linux-x86_64-debian-clang 1.0.0 OK
r-devel-linux-x86_64-debian-gcc 1.0.0 1.58 32.29 33.87 OK
r-devel-linux-x86_64-fedora-clang 1.0.0 67.07 NOTE
r-devel-linux-x86_64-fedora-gcc 1.0.0 54.28 NOTE
r-devel-windows-x86_64-new-UL 1.0.0 9.00 89.00 98.00 OK
r-devel-windows-x86_64-new-TK 1.0.0 NOTE
r-devel-windows-x86_64-old 1.0.0 9.00 65.00 74.00 OK
r-patched-linux-x86_64 1.0.0 2.34 38.46 40.80 OK
r-patched-solaris-x86 1.0.0 79.30 NOTE
r-release-linux-x86_64 1.0.0 2.01 37.81 39.82 OK
r-release-macos-arm64 1.0.0 NOTE
r-release-macos-x86_64 1.0.0 NOTE
r-release-windows-ix86+x86_64 1.0.0 7.00 45.00 52.00 OK
r-oldrel-macos-x86_64 1.0.0 NOTE
r-oldrel-windows-ix86+x86_64 1.0.0 15.00 62.00 77.00 OK

Check Details

Version: 1.0.0
Check: dependencies in R code
Result: NOTE
    Namespaces in Imports field not imported from:
     ‘RColorBrewer’ ‘ggplot2’ ‘knitr’ ‘markdown’
     All declared Imports should be used.
Flavors: r-devel-linux-x86_64-fedora-clang, r-devel-linux-x86_64-fedora-gcc, r-devel-windows-x86_64-new-TK, r-patched-solaris-x86, r-release-macos-arm64, r-release-macos-x86_64, r-oldrel-macos-x86_64