CRAN Package Check Results for Package jmv

Last updated on 2021-12-03 05:52:02 CET.

Flavor Version Tinstall Tcheck Ttotal Status Flags
r-devel-linux-x86_64-debian-clang 2.0 92.42 122.05 214.47 OK
r-devel-linux-x86_64-debian-gcc 2.0 76.38 89.98 166.36 OK
r-devel-linux-x86_64-fedora-clang 2.0 295.47 NOTE
r-devel-linux-x86_64-fedora-gcc 2.0 282.69 NOTE
r-devel-windows-x86_64-new-UL 2.0 139.00 173.00 312.00 OK
r-devel-windows-x86_64-new-TK 2.0 NOTE
r-devel-windows-x86_64-old 2.0 141.00 125.00 266.00 OK
r-patched-linux-x86_64 2.0 81.73 109.85 191.58 OK
r-patched-solaris-x86 2.0 322.20 NOTE
r-release-linux-x86_64 2.0 83.52 110.81 194.33 OK
r-release-macos-arm64 2.0 NOTE
r-release-macos-x86_64 2.0 NOTE
r-release-windows-ix86+x86_64 2.0 148.00 161.00 309.00 OK
r-oldrel-macos-x86_64 2.0 NOTE
r-oldrel-windows-ix86+x86_64 2.0 145.00 156.00 301.00 OK

Check Details

Version: 2.0
Check: dependencies in R code
Result: NOTE
    Namespaces in Imports field not imported from:
     ‘BayesFactor’ ‘GGally’ ‘GPArotation’ ‘MASS’ ‘PMCMR’ ‘R6’ ‘ROCR’
     ‘afex’ ‘car’ ‘emmeans’ ‘ggridges’ ‘lavaan’ ‘multcomp’ ‘mvnormtest’
     ‘nnet’ ‘psych’ ‘vcd’ ‘vcdExtra’
     All declared Imports should be used.
Flavors: r-devel-linux-x86_64-fedora-clang, r-devel-linux-x86_64-fedora-gcc, r-devel-windows-x86_64-new-TK, r-patched-solaris-x86, r-release-macos-arm64, r-release-macos-x86_64, r-oldrel-macos-x86_64