CRAN Package Check Results for Package joinXL

Last updated on 2021-06-21 05:49:41 CEST.

Flavor Version Tinstall Tcheck Ttotal Status Flags
r-devel-linux-x86_64-debian-clang 1.0.1 8.08 69.49 77.57 NOTE
r-devel-linux-x86_64-debian-gcc 1.0.1 5.90 50.92 56.82 NOTE
r-devel-linux-x86_64-fedora-clang 1.0.1 99.87 NOTE
r-devel-linux-x86_64-fedora-gcc 1.0.1 87.36 NOTE
r-devel-windows-x86_64 1.0.1 11.00 68.00 79.00 NOTE
r-devel-windows-x86_64-gcc10-UCRT 1.0.1 NOTE
r-patched-linux-x86_64 1.0.1 4.36 64.22 68.58 NOTE
r-patched-solaris-x86 1.0.1 141.20 NOTE
r-release-linux-x86_64 1.0.1 6.96 64.24 71.20 NOTE
r-release-macos-arm64 1.0.1 NOTE
r-release-macos-x86_64 1.0.1 NOTE
r-release-windows-ix86+x86_64 1.0.1 17.00 86.00 103.00 NOTE
r-oldrel-macos-x86_64 1.0.1 OK

Check Details

Version: 1.0.1
Check: LazyData
Result: NOTE
     'LazyData' is specified without a 'data' directory
Flavors: r-devel-linux-x86_64-debian-clang, r-devel-linux-x86_64-debian-gcc, r-devel-linux-x86_64-fedora-clang, r-devel-linux-x86_64-fedora-gcc, r-devel-windows-x86_64, r-devel-windows-x86_64-gcc10-UCRT, r-patched-linux-x86_64, r-patched-solaris-x86, r-release-linux-x86_64, r-release-macos-arm64, r-release-macos-x86_64, r-release-windows-ix86+x86_64