CRAN Package Check Results for Package jpmesh

Last updated on 2024-06-13 06:58:06 CEST.

Flavor Version Tinstall Tcheck Ttotal Status Flags
r-devel-linux-x86_64-debian-clang 2.1.0 12.07 237.53 249.60 OK
r-devel-linux-x86_64-debian-gcc 2.1.0 0.51 1.70 2.21 ERROR
r-devel-linux-x86_64-fedora-clang 2.1.0 301.11 NOTE
r-devel-linux-x86_64-fedora-gcc 2.1.0 297.94 NOTE
r-devel-windows-x86_64 2.1.0 12.00 182.00 194.00 OK
r-patched-linux-x86_64 2.1.0 10.91 218.99 229.90 OK
r-release-linux-x86_64 2.1.0 10.79 226.30 237.09 OK
r-release-macos-arm64 2.1.0 77.00 OK
r-release-macos-x86_64 2.1.0 192.00 OK
r-release-windows-x86_64 2.1.0 14.00 183.00 197.00 OK
r-oldrel-macos-arm64 2.1.0 74.00 OK
r-oldrel-macos-x86_64 2.1.0 136.00 OK
r-oldrel-windows-x86_64 2.1.0 16.00 238.00 254.00 OK

Check Details

Version: 2.1.0
Check: package dependencies
Result: ERROR Packages required but not available: 'purrr', 'tibble', 'vctrs' Packages suggested but not available for checking: 'testthat', 'vdiffr' See section ‘The DESCRIPTION file’ in the ‘Writing R Extensions’ manual. Flavor: r-devel-linux-x86_64-debian-gcc

Version: 2.1.0
Check: data for non-ASCII characters
Result: NOTE Note: found 176 marked UTF-8 strings Flavors: r-devel-linux-x86_64-fedora-clang, r-devel-linux-x86_64-fedora-gcc