CRAN Package Check Results for Package jsmodule

Last updated on 2019-06-26 06:47:30 CEST.

Flavor Version Tinstall Tcheck Ttotal Status Flags
r-devel-linux-x86_64-debian-clang 0.9.2 21.05 149.19 170.24 OK
r-devel-linux-x86_64-debian-gcc 0.9.2 19.43 116.06 135.49 OK
r-devel-linux-x86_64-fedora-clang 0.9.2 205.80 NOTE
r-devel-linux-x86_64-fedora-gcc 0.9.2 197.24 NOTE
r-devel-windows-ix86+x86_64 0.9.2 60.00 175.00 235.00 OK
r-patched-linux-x86_64 0.9.2 23.29 144.86 168.15 OK
r-patched-solaris-x86 0.9.2 306.60 NOTE
r-release-linux-x86_64 0.9.2 22.89 146.29 169.18 OK
r-release-windows-ix86+x86_64 0.9.2 42.00 173.00 215.00 OK
r-release-osx-x86_64 0.9.2 NOTE
r-oldrel-windows-ix86+x86_64 0.9.2 29.00 155.00 184.00 OK
r-oldrel-osx-x86_64 0.9.2 NOTE

Check Details

Version: 0.9.2
Check: dependencies in R code
Result: NOTE
    Namespace in Imports field not imported from: ‘survC1’
     All declared Imports should be used.
Flavors: r-devel-linux-x86_64-fedora-clang, r-devel-linux-x86_64-fedora-gcc, r-patched-solaris-x86, r-release-osx-x86_64, r-oldrel-osx-x86_64