Last updated on 2023-02-01 05:50:49 CET.
Flavor | Version | Tinstall | Tcheck | Ttotal | Status | Flags |
---|---|---|---|---|---|---|
r-devel-linux-x86_64-debian-clang | 1.3.4 | 44.43 | 257.27 | 301.70 | OK | |
r-devel-linux-x86_64-debian-gcc | 1.3.4 | 29.28 | 184.73 | 214.01 | OK | |
r-devel-linux-x86_64-fedora-clang | 1.3.4 | 359.15 | NOTE | |||
r-devel-linux-x86_64-fedora-gcc | 1.3.4 | 359.57 | OK | |||
r-devel-windows-x86_64 | 1.3.4 | 62.00 | 307.00 | 369.00 | OK | |
r-patched-linux-x86_64 | 1.3.4 | 37.23 | 242.29 | 279.52 | OK | |
r-release-linux-x86_64 | 1.3.4 | 39.34 | 248.76 | 288.10 | OK | |
r-release-macos-arm64 | 1.3.4 | 92.00 | OK | |||
r-release-macos-x86_64 | 1.3.4 | 119.00 | OK | |||
r-release-windows-x86_64 | 1.3.4 | 58.00 | 299.00 | 357.00 | OK | |
r-oldrel-macos-arm64 | 1.3.4 | 92.00 | OK | |||
r-oldrel-macos-x86_64 | 1.3.4 | 120.00 | OK | |||
r-oldrel-windows-ix86+x86_64 | 1.3.4 | 77.00 | 296.00 | 373.00 | OK |
Version: 1.3.4
Check: package dependencies
Result: NOTE
Imports includes 30 non-default packages.
Importing from so many packages makes the package vulnerable to any of
them becoming unavailable. Move as many as possible to Suggests and
use conditionally.
Flavor: r-devel-linux-x86_64-fedora-clang