CRAN Package Check Results for Package jubilee

Last updated on 2021-06-20 05:48:27 CEST.

Flavor Version Tinstall Tcheck Ttotal Status Flags
r-devel-linux-x86_64-debian-clang 0.3.3 7.49 103.98 111.47 NOTE
r-devel-linux-x86_64-debian-gcc 0.3.3 6.96 77.75 84.71 NOTE
r-devel-linux-x86_64-fedora-clang 0.3.3 139.60 NOTE
r-devel-linux-x86_64-fedora-gcc 0.3.3 122.20 NOTE
r-devel-windows-x86_64 0.3.3 15.00 143.00 158.00 NOTE
r-devel-windows-x86_64-gcc10-UCRT 0.3.3 NOTE
r-patched-linux-x86_64 0.3.3 5.01 97.33 102.34 NOTE
r-patched-solaris-x86 0.3.3 183.40 NOTE
r-release-linux-x86_64 0.3.3 5.97 96.95 102.92 NOTE
r-release-macos-arm64 0.3.3 NOTE
r-release-macos-x86_64 0.3.3 NOTE
r-release-windows-ix86+x86_64 0.3.3 18.00 145.00 163.00 NOTE
r-oldrel-macos-x86_64 0.3.3 OK
r-oldrel-windows-ix86+x86_64 0.3.3 13.00 145.00 158.00 OK

Check Details

Version: 0.3.3
Check: LazyData
Result: NOTE
     'LazyData' is specified without a 'data' directory
Flavors: r-devel-linux-x86_64-debian-clang, r-devel-linux-x86_64-debian-gcc, r-devel-linux-x86_64-fedora-clang, r-devel-linux-x86_64-fedora-gcc, r-devel-windows-x86_64, r-devel-windows-x86_64-gcc10-UCRT, r-patched-linux-x86_64, r-patched-solaris-x86, r-release-linux-x86_64, r-release-macos-arm64, r-release-macos-x86_64, r-release-windows-ix86+x86_64