Last updated on 2022-08-12 05:52:50 CEST.
Flavor | Version | Tinstall | Tcheck | Ttotal | Status | Flags |
---|---|---|---|---|---|---|
r-devel-linux-x86_64-debian-clang | 1.0.4 | 54.25 | 34.33 | 88.58 | OK | |
r-devel-linux-x86_64-debian-gcc | 1.0.4 | 38.91 | 27.08 | 65.99 | OK | |
r-devel-linux-x86_64-fedora-clang | 1.0.4 | 124.19 | NOTE | |||
r-devel-linux-x86_64-fedora-gcc | 1.0.4 | 113.54 | OK | |||
r-devel-windows-x86_64 | 1.0.4 | 41.00 | 83.00 | 124.00 | OK | |
r-patched-linux-x86_64 | 1.0.4 | 39.94 | 33.24 | 73.18 | OK | |
r-release-linux-x86_64 | 1.0.4 | 39.72 | 33.46 | 73.18 | OK | |
r-release-macos-arm64 | 1.0.4 | 35.00 | NOTE | |||
r-release-macos-x86_64 | 1.0.4 | 45.00 | NOTE | |||
r-release-windows-x86_64 | 1.0.4 | 44.00 | 85.00 | 129.00 | OK | |
r-oldrel-macos-arm64 | 1.0.4 | 32.00 | NOTE | |||
r-oldrel-macos-x86_64 | 1.0.4 | 43.00 | NOTE | |||
r-oldrel-windows-ix86+x86_64 | 1.0.4 | 108.00 | 81.00 | 189.00 | OK |
Version: 1.0.4
Check: installed package size
Result: NOTE
installed size is 13.6Mb
sub-directories of 1Mb or more:
libs 13.4Mb
Flavors: r-devel-linux-x86_64-fedora-clang, r-release-macos-arm64, r-release-macos-x86_64, r-oldrel-macos-arm64, r-oldrel-macos-x86_64