CRAN Package Check Results for Package kelvin

Last updated on 2024-07-19 06:50:18 CEST.

Flavor Version Tinstall Tcheck Ttotal Status Flags
r-devel-linux-x86_64-debian-clang 2.0-2 2.81 57.38 60.19 NOTE
r-devel-linux-x86_64-debian-gcc 2.0-2 2.61 42.03 44.64 NOTE
r-devel-linux-x86_64-fedora-clang 2.0-2 77.45 NOTE
r-devel-linux-x86_64-fedora-gcc 2.0-2 86.86 NOTE
r-devel-windows-x86_64 2.0-2 5.00 59.00 64.00 NOTE
r-patched-linux-x86_64 2.0-2 8.04 53.44 61.48 NOTE
r-release-linux-x86_64 2.0-2 3.84 52.64 56.48 NOTE
r-release-macos-arm64 2.0-2 30.00 NOTE
r-release-macos-x86_64 2.0-2 60.00 NOTE
r-release-windows-x86_64 2.0-2 4.00 57.00 61.00 NOTE
r-oldrel-macos-arm64 2.0-2 29.00 OK
r-oldrel-macos-x86_64 2.0-2 44.00 OK
r-oldrel-windows-x86_64 2.0-2 5.00 64.00 69.00 OK

Check Details

Version: 2.0-2
Check: Rd files
Result: NOTE prepare_Rd: NEWS.Rd:58: Dropping empty section ‘kelvin INITIAL VERSION 1.0-0 (2012-05-30)’ Flavors: r-devel-linux-x86_64-debian-clang, r-devel-linux-x86_64-debian-gcc, r-devel-linux-x86_64-fedora-clang, r-devel-linux-x86_64-fedora-gcc, r-devel-windows-x86_64, r-patched-linux-x86_64, r-release-linux-x86_64, r-release-macos-arm64, r-release-macos-x86_64, r-release-windows-x86_64

Version: 2.0-2
Check: Rd cross-references
Result: NOTE Found the following Rd file(s) with Rd \link{} targets missing package anchors: Beir.Rd: BesselJ, BesselK Keir.Rd: BesselK Please provide package anchors for all Rd \link{} targets not in the package itself and the base packages. Flavor: r-devel-windows-x86_64