CRAN Package Check Results for Package kerastuneR

Last updated on 2021-06-23 05:49:31 CEST.

Flavor Version Tinstall Tcheck Ttotal Status Flags
r-devel-linux-x86_64-debian-clang 0.1.0.3 12.53 111.32 123.85 NOTE
r-devel-linux-x86_64-debian-gcc 0.1.0.3 9.86 83.57 93.43 NOTE
r-devel-linux-x86_64-fedora-clang 0.1.0.3 158.31 NOTE
r-devel-linux-x86_64-fedora-gcc 0.1.0.3 146.68 NOTE
r-devel-windows-x86_64 0.1.0.3 18.00 100.00 118.00 NOTE
r-devel-windows-x86_64-gcc10-UCRT 0.1.0.3 ERROR
r-patched-linux-x86_64 0.1.0.3 11.72 103.66 115.38 NOTE
r-patched-solaris-x86 0.1.0.3 217.20 NOTE
r-release-linux-x86_64 0.1.0.3 10.24 103.89 114.13 NOTE
r-release-macos-arm64 0.1.0.3 NOTE
r-release-macos-x86_64 0.1.0.3 NOTE
r-release-windows-ix86+x86_64 0.1.0.3 21.00 100.00 121.00 NOTE
r-oldrel-macos-x86_64 0.1.0.3 NOTE

Check Details

Version: 0.1.0.3
Check: LazyData
Result: NOTE
     'LazyData' is specified without a 'data' directory
Flavors: r-devel-linux-x86_64-debian-clang, r-devel-linux-x86_64-debian-gcc, r-devel-linux-x86_64-fedora-clang, r-devel-linux-x86_64-fedora-gcc, r-devel-windows-x86_64, r-patched-linux-x86_64, r-patched-solaris-x86, r-release-linux-x86_64, r-release-macos-arm64, r-release-macos-x86_64, r-release-windows-ix86+x86_64

Version: 0.1.0.3
Check: dependencies in R code
Result: NOTE
    Namespace in Imports field not imported from: ‘keras’
     All declared Imports should be used.
Flavors: r-devel-linux-x86_64-fedora-clang, r-devel-linux-x86_64-fedora-gcc, r-patched-solaris-x86, r-release-macos-arm64, r-release-macos-x86_64, r-oldrel-macos-x86_64

Version: 0.1.0.3
Check: package dependencies
Result: ERROR
    Packages required but not available: 'plotly', 'magick'
    
    See section 'The DESCRIPTION file' in the 'Writing R Extensions'
    manual.
Flavor: r-devel-windows-x86_64-gcc10-UCRT