CRAN Package Check Results for Package kernDeepStackNet

Last updated on 2019-09-15 05:46:17 CEST.

Flavor Version Tinstall Tcheck Ttotal Status Flags
r-devel-linux-x86_64-debian-clang 2.0.2 44.97 156.57 201.54 OK
r-devel-linux-x86_64-debian-gcc 2.0.2 38.46 119.77 158.23 OK
r-devel-linux-x86_64-fedora-clang 2.0.2 251.70 NOTE
r-devel-linux-x86_64-fedora-gcc 2.0.2 245.86 OK
r-devel-windows-ix86+x86_64 2.0.2 126.00 353.00 479.00 OK
r-patched-linux-x86_64 2.0.2 39.53 151.53 191.06 OK
r-patched-solaris-x86 2.0.2 325.50 OK
r-release-linux-x86_64 2.0.2 42.84 150.42 193.26 OK
r-release-windows-ix86+x86_64 2.0.2 74.00 245.00 319.00 OK
r-release-osx-x86_64 2.0.2 NOTE
r-oldrel-windows-ix86+x86_64 2.0.2 104.00 236.00 340.00 OK
r-oldrel-osx-x86_64 2.0.2 NOTE

Check Details

Version: 2.0.2
Check: installed package size
Result: NOTE
     installed size is 5.3Mb
     sub-directories of 1Mb or more:
     libs 4.9Mb
Flavors: r-devel-linux-x86_64-fedora-clang, r-release-osx-x86_64, r-oldrel-osx-x86_64