CRAN Package Check Results for Package kernDeepStackNet

Last updated on 2019-06-19 05:48:10 CEST.

Flavor Version Tinstall Tcheck Ttotal Status Flags
r-devel-linux-x86_64-debian-clang 2.0.2 44.70 155.48 200.18 OK
r-devel-linux-x86_64-debian-gcc 2.0.2 36.80 117.56 154.36 OK
r-devel-linux-x86_64-fedora-clang 2.0.2 248.02 NOTE
r-devel-linux-x86_64-fedora-gcc 2.0.2 231.96 OK
r-devel-windows-ix86+x86_64 2.0.2 125.00 338.00 463.00 OK
r-patched-linux-x86_64 2.0.2 44.40 150.02 194.42 OK
r-patched-solaris-x86 2.0.2 329.40 OK
r-release-linux-x86_64 2.0.2 45.75 153.07 198.82 OK
r-release-windows-ix86+x86_64 2.0.2 150.00 351.00 501.00 OK
r-release-osx-x86_64 2.0.2 NOTE
r-oldrel-windows-ix86+x86_64 2.0.2 63.00 332.00 395.00 OK
r-oldrel-osx-x86_64 2.0.2 NOTE

Check Details

Version: 2.0.2
Check: installed package size
Result: NOTE
     installed size is 5.2Mb
     sub-directories of 1Mb or more:
     libs 4.9Mb
Flavors: r-devel-linux-x86_64-fedora-clang, r-release-osx-x86_64, r-oldrel-osx-x86_64