CRAN Package Check Results for Package knitrdata

Last updated on 2024-07-18 06:57:27 CEST.

Flavor Version Tinstall Tcheck Ttotal Status Flags
r-devel-linux-x86_64-debian-clang 0.6.1 3.01 53.14 56.15 NOTE
r-devel-linux-x86_64-debian-gcc 0.6.1 2.30 40.29 42.59 NOTE
r-devel-linux-x86_64-fedora-clang 0.6.1 71.82 NOTE
r-devel-linux-x86_64-fedora-gcc 0.6.1 81.00 NOTE
r-devel-windows-x86_64 0.6.1 3.00 70.00 73.00 NOTE
r-patched-linux-x86_64 0.6.1 3.53 51.92 55.45 NOTE
r-release-linux-x86_64 0.6.1 2.26 50.83 53.09 NOTE
r-release-macos-arm64 0.6.1 37.00 NOTE
r-release-macos-x86_64 0.6.1 79.00 NOTE
r-release-windows-x86_64 0.6.1 3.00 69.00 72.00 NOTE
r-oldrel-macos-arm64 0.6.1 36.00 NOTE
r-oldrel-macos-x86_64 0.6.1 51.00 NOTE
r-oldrel-windows-x86_64 0.6.1 4.00 70.00 74.00 NOTE

Check Details

Version: 0.6.1
Check: LazyData
Result: NOTE 'LazyData' is specified without a 'data' directory Flavors: r-devel-linux-x86_64-debian-clang, r-devel-linux-x86_64-debian-gcc, r-devel-linux-x86_64-fedora-clang, r-devel-linux-x86_64-fedora-gcc, r-devel-windows-x86_64, r-patched-linux-x86_64, r-release-linux-x86_64, r-release-macos-arm64, r-release-macos-x86_64, r-release-windows-x86_64, r-oldrel-macos-arm64, r-oldrel-macos-x86_64, r-oldrel-windows-x86_64

Version: 0.6.1
Check: dependencies in R code
Result: NOTE Namespace in Imports field not imported from: ‘methods’ All declared Imports should be used. Flavors: r-devel-linux-x86_64-fedora-clang, r-devel-linux-x86_64-fedora-gcc